{"id":612,"date":"2017-08-14T10:58:01","date_gmt":"2017-08-14T08:58:01","guid":{"rendered":"https:\/\/www.mmc.nl\/apotheek\/?page_id=612"},"modified":"2019-09-11T16:47:44","modified_gmt":"2019-09-11T14:47:44","slug":"over-de-apotheek","status":"publish","type":"page","link":"https:\/\/www.mmc.nl\/apotheek\/over-de-apotheek\/","title":{"rendered":"Over de apotheek"},"content":{"rendered":"<p>Farmaceutisch Centrum M\u00e1xima bestaat uit de ziekenhuisapotheek (klinische farmacie) locatie Veldhoven, apotheek De Run locatie Veldhoven en apotheek De Karpen locatie Eindhoven.<\/p>\n<p>Farmaceutisch Centrum M\u00e1xima is in 2008 opgericht om de farmaceutische pati\u00ebntenzorg te verbeteren en de ziekenhuisapotheek van MMC minder op afstand van de pati\u00ebnt te laten werken. Om hier op een goede wijze invulling aan te kunnen geven is destijds, als aanvulling op de ziekenhuisapotheek, op beide locaties van MMC een apotheek geopend bij de ingang van het ziekenhuis; apotheek De Run (in Vhv) en apotheek De Karpen (in Ehv).<\/p>\n<p>Farmaceutisch Centrum M\u00e1xima wil, naast de vervulling van de traditionele rol van bereider en leverancier van geneesmiddelen, voor zorgverleners en pati\u00ebnten kennisbron en consultant zijn op het gebied van farmacotherapie en medicatieveiligheid. Daarvoor komen apothekers en apothekersassistenten in gesprek met de pati\u00ebnt. De apotheek van het ziekenhuis wil zichtbaar zijn in hun rol van medicatiedeskundige bij uitstek. De dienstverlening naar zorgverleners en pati\u00ebnten zal dan ook in toenemende mate specialisatie wensen. Om hier adequaat op in te spelen zijn de apothekers zich gaan specialiseren. Daarnaast is de apotheek een opleidingsapotheek en spelen onderwijs, onderzoek en innovatie een belangrijke rol.<\/p>\n","protected":false},"excerpt":{"rendered":"<p>Farmaceutisch Centrum M\u00e1xima bestaat uit de ziekenhuisapotheek (klinische farmacie) locatie Veldhoven, apotheek De Run locatie Veldhoven en apotheek De Karpen locatie Eindhoven. Farmaceutisch Centrum M\u00e1xima is in 2008 opgericht om de farmaceutische pati\u00ebntenzorg te verbeteren en de ziekenhuisapotheek van MMC minder op afstand van de pati\u00ebnt te laten werken. Om hier op een goede wijze [&hellip;]<\/p>\n","protected":false},"author":3,"featured_media":1,"parent":0,"menu_order":0,"comment_status":"closed","ping_status":"closed","template":"page.php","meta":{"_acf_changed":false,"ep_exclude_from_search":false,"footnotes":""},"tags":[10,11,12,14,13],"class_list":["post-612","page","type-page","status-publish","has-post-thumbnail","hentry","tag-apotheek","tag-de-karpen","tag-de-run","tag-medicijnen","tag-ziekenhuisapotheek"],"acf":[],"yoast_head":"<!-- This site is optimized with the Yoast SEO Premium plugin v27.1 (Yoast SEO v27.1.1) - https:\/\/yoast.com\/product\/yoast-seo-premium-wordpress\/ -->\n<title>Over de apotheek \u2013 M\u00e1xima MC<\/title>\n<meta name=\"description\" content=\"In onze apotheek kunt u na een ziekenhuisbezoek direct uw medicijnen afhalen die door een specialist zijn voorgeschreven. In MMC, locatie Veldhoven is apotheek De Run gevestigd. Op onze locatie in Eindhoven bevindt zich apotheek De Karpen.\" \/>\n<meta name=\"robots\" content=\"index, follow, max-snippet:-1, max-image-preview:large, max-video-preview:-1\" \/>\n<link rel=\"canonical\" href=\"https:\/\/www.mmc.nl\/apotheek\/over-de-apotheek\/\" \/>\n<meta property=\"og:locale\" content=\"nl_NL\" \/>\n<meta property=\"og:type\" content=\"article\" \/>\n<meta property=\"og:title\" content=\"Over de apotheek\" \/>\n<meta property=\"og:description\" content=\"In onze apotheek kunt u na een ziekenhuisbezoek direct uw medicijnen afhalen die door een specialist zijn voorgeschreven. In MMC, locatie Veldhoven is apotheek De Run gevestigd. Op onze locatie in Eindhoven bevindt zich apotheek De Karpen.\" \/>\n<meta property=\"og:url\" content=\"https:\/\/www.mmc.nl\/apotheek\/over-de-apotheek\/\" \/>\n<meta property=\"og:site_name\" content=\"Apotheek\" \/>\n<meta property=\"article:modified_time\" content=\"2019-09-11T14:47:44+00:00\" \/>\n<meta name=\"twitter:card\" content=\"summary_large_image\" \/>\n<meta name=\"twitter:label1\" content=\"Geschatte leestijd\" \/>\n\t<meta name=\"twitter:data1\" content=\"1 minuut\" \/>\n<script type=\"application\/ld+json\" class=\"yoast-schema-graph\">{\"@context\":\"https:\/\/schema.org\",\"@graph\":[{\"@type\":\"WebPage\",\"@id\":\"https:\/\/www.mmc.nl\/apotheek\/over-de-apotheek\/\",\"url\":\"https:\/\/www.mmc.nl\/apotheek\/over-de-apotheek\/\",\"name\":\"Over de apotheek \u2013 M\u00e1xima MC\",\"isPartOf\":{\"@id\":\"https:\/\/www.mmc.nl\/apotheek\/#website\"},\"primaryImageOfPage\":{\"@id\":\"https:\/\/www.mmc.nl\/apotheek\/over-de-apotheek\/#primaryimage\"},\"image\":{\"@id\":\"https:\/\/www.mmc.nl\/apotheek\/over-de-apotheek\/#primaryimage\"},\"thumbnailUrl\":\"\",\"datePublished\":\"2017-08-14T08:58:01+00:00\",\"dateModified\":\"2019-09-11T14:47:44+00:00\",\"description\":\"In onze apotheek kunt u na een ziekenhuisbezoek direct uw medicijnen afhalen die door een specialist zijn voorgeschreven. In MMC, locatie Veldhoven is apotheek De Run gevestigd. Op onze locatie in Eindhoven bevindt zich apotheek De Karpen.\",\"breadcrumb\":{\"@id\":\"https:\/\/www.mmc.nl\/apotheek\/over-de-apotheek\/#breadcrumb\"},\"inLanguage\":\"nl-NL\",\"potentialAction\":[{\"@type\":\"ReadAction\",\"target\":[\"https:\/\/www.mmc.nl\/apotheek\/over-de-apotheek\/\"]}]},{\"@type\":\"ImageObject\",\"inLanguage\":\"nl-NL\",\"@id\":\"https:\/\/www.mmc.nl\/apotheek\/over-de-apotheek\/#primaryimage\",\"url\":\"\",\"contentUrl\":\"\"},{\"@type\":\"BreadcrumbList\",\"@id\":\"https:\/\/www.mmc.nl\/apotheek\/over-de-apotheek\/#breadcrumb\",\"itemListElement\":[{\"@type\":\"ListItem\",\"position\":1,\"name\":\"Apotheek\",\"item\":\"https:\/\/www.mmc.nl\/apotheek\/\"},{\"@type\":\"ListItem\",\"position\":2,\"name\":\"Over de apotheek\"}]},{\"@type\":\"WebSite\",\"@id\":\"https:\/\/www.mmc.nl\/apotheek\/#website\",\"url\":\"https:\/\/www.mmc.nl\/apotheek\/\",\"name\":\"Apotheek\",\"description\":\"\",\"potentialAction\":[{\"@type\":\"SearchAction\",\"target\":{\"@type\":\"EntryPoint\",\"urlTemplate\":\"https:\/\/www.mmc.nl\/apotheek\/?s={search_term_string}\"},\"query-input\":{\"@type\":\"PropertyValueSpecification\",\"valueRequired\":true,\"valueName\":\"search_term_string\"}}],\"inLanguage\":\"nl-NL\"}]}<\/script>\n<!-- \/ Yoast SEO Premium plugin. -->","yoast_head_json":{"title":"Over de apotheek \u2013 M\u00e1xima MC","description":"In onze apotheek kunt u na een ziekenhuisbezoek direct uw medicijnen afhalen die door een specialist zijn voorgeschreven. In MMC, locatie Veldhoven is apotheek De Run gevestigd. Op onze locatie in Eindhoven bevindt zich apotheek De Karpen.","robots":{"index":"index","follow":"follow","max-snippet":"max-snippet:-1","max-image-preview":"max-image-preview:large","max-video-preview":"max-video-preview:-1"},"canonical":"https:\/\/www.mmc.nl\/apotheek\/over-de-apotheek\/","og_locale":"nl_NL","og_type":"article","og_title":"Over de apotheek","og_description":"In onze apotheek kunt u na een ziekenhuisbezoek direct uw medicijnen afhalen die door een specialist zijn voorgeschreven. In MMC, locatie Veldhoven is apotheek De Run gevestigd. Op onze locatie in Eindhoven bevindt zich apotheek De Karpen.","og_url":"https:\/\/www.mmc.nl\/apotheek\/over-de-apotheek\/","og_site_name":"Apotheek","article_modified_time":"2019-09-11T14:47:44+00:00","twitter_card":"summary_large_image","twitter_misc":{"Geschatte leestijd":"1 minuut"},"schema":{"@context":"https:\/\/schema.org","@graph":[{"@type":"WebPage","@id":"https:\/\/www.mmc.nl\/apotheek\/over-de-apotheek\/","url":"https:\/\/www.mmc.nl\/apotheek\/over-de-apotheek\/","name":"Over de apotheek \u2013 M\u00e1xima MC","isPartOf":{"@id":"https:\/\/www.mmc.nl\/apotheek\/#website"},"primaryImageOfPage":{"@id":"https:\/\/www.mmc.nl\/apotheek\/over-de-apotheek\/#primaryimage"},"image":{"@id":"https:\/\/www.mmc.nl\/apotheek\/over-de-apotheek\/#primaryimage"},"thumbnailUrl":"","datePublished":"2017-08-14T08:58:01+00:00","dateModified":"2019-09-11T14:47:44+00:00","description":"In onze apotheek kunt u na een ziekenhuisbezoek direct uw medicijnen afhalen die door een specialist zijn voorgeschreven. In MMC, locatie Veldhoven is apotheek De Run gevestigd. Op onze locatie in Eindhoven bevindt zich apotheek De Karpen.","breadcrumb":{"@id":"https:\/\/www.mmc.nl\/apotheek\/over-de-apotheek\/#breadcrumb"},"inLanguage":"nl-NL","potentialAction":[{"@type":"ReadAction","target":["https:\/\/www.mmc.nl\/apotheek\/over-de-apotheek\/"]}]},{"@type":"ImageObject","inLanguage":"nl-NL","@id":"https:\/\/www.mmc.nl\/apotheek\/over-de-apotheek\/#primaryimage","url":"","contentUrl":""},{"@type":"BreadcrumbList","@id":"https:\/\/www.mmc.nl\/apotheek\/over-de-apotheek\/#breadcrumb","itemListElement":[{"@type":"ListItem","position":1,"name":"Apotheek","item":"https:\/\/www.mmc.nl\/apotheek\/"},{"@type":"ListItem","position":2,"name":"Over de apotheek"}]},{"@type":"WebSite","@id":"https:\/\/www.mmc.nl\/apotheek\/#website","url":"https:\/\/www.mmc.nl\/apotheek\/","name":"Apotheek","description":"","potentialAction":[{"@type":"SearchAction","target":{"@type":"EntryPoint","urlTemplate":"https:\/\/www.mmc.nl\/apotheek\/?s={search_term_string}"},"query-input":{"@type":"PropertyValueSpecification","valueRequired":true,"valueName":"search_term_string"}}],"inLanguage":"nl-NL"}]}},"_links":{"self":[{"href":"https:\/\/www.mmc.nl\/apotheek\/wp-json\/wp\/v2\/pages\/612","targetHints":{"allow":["GET"]}}],"collection":[{"href":"https:\/\/www.mmc.nl\/apotheek\/wp-json\/wp\/v2\/pages"}],"about":[{"href":"https:\/\/www.mmc.nl\/apotheek\/wp-json\/wp\/v2\/types\/page"}],"author":[{"embeddable":true,"href":"https:\/\/www.mmc.nl\/apotheek\/wp-json\/wp\/v2\/users\/3"}],"replies":[{"embeddable":true,"href":"https:\/\/www.mmc.nl\/apotheek\/wp-json\/wp\/v2\/comments?post=612"}],"version-history":[{"count":10,"href":"https:\/\/www.mmc.nl\/apotheek\/wp-json\/wp\/v2\/pages\/612\/revisions"}],"predecessor-version":[{"id":1144,"href":"https:\/\/www.mmc.nl\/apotheek\/wp-json\/wp\/v2\/pages\/612\/revisions\/1144"}],"wp:featuredmedia":[{"embeddable":true,"href":"https:\/\/www.mmc.nl\/apotheek\/wp-json\/"}],"wp:attachment":[{"href":"https:\/\/www.mmc.nl\/apotheek\/wp-json\/wp\/v2\/media?parent=612"}],"wp:term":[{"taxonomy":"post_tag","embeddable":true,"href":"https:\/\/www.mmc.nl\/apotheek\/wp-json\/wp\/v2\/tags?post=612"}],"curies":[{"name":"wp","href":"https:\/\/api.w.org\/{rel}","templated":true}]}}