{"id":1263,"date":"2019-03-21T16:34:45","date_gmt":"2019-03-21T15:34:45","guid":{"rendered":"https:\/\/www.mmc.nl\/dermatologie\/?page_id=1263"},"modified":"2024-02-15T16:44:44","modified_gmt":"2024-02-15T15:44:44","slug":"contactformulier","status":"publish","type":"page","link":"https:\/\/www.mmc.nl\/dermatologie\/contact\/contactformulier\/","title":{"rendered":"Contactformulier"},"content":{"rendered":"<p>Bent u al pati\u00ebnt bij M\u00e1xima MC? MijnMMC is d\u00e9 digitale omgeving voor u als pati\u00ebnt. Via uw computer, tablet of smartphone heeft u altijd uw medische gegevens bij de hand en kunt u zelf veilig en gemakkelijk uw ziekenhuiszaken regelen. Waar en wanneer het u uitkomt.<\/p>\n<p><a class=\"button-primary\" href=\"http:\/\/mijn.mmc.nl\/\" target=\"_blank\" rel=\"noopener\">Ga naar MijnMMC<\/a><\/p>\n<p><strong>Contactformulier<\/strong><br \/>\nBent u (nog) geen pati\u00ebnt in M\u00e1xima MC en heeft u een algemene (niet-medische) vraag? Maak dan gebruik van onderstaand contactformulier.<\/p>\n<script type=\"text\/javascript\">\n\/* <![CDATA[ *\/\nvar gform;gform||(document.addEventListener(\"gform_main_scripts_loaded\",function(){gform.scriptsLoaded=!0}),document.addEventListener(\"gform\/theme\/scripts_loaded\",function(){gform.themeScriptsLoaded=!0}),window.addEventListener(\"DOMContentLoaded\",function(){gform.domLoaded=!0}),gform={domLoaded:!1,scriptsLoaded:!1,themeScriptsLoaded:!1,isFormEditor:()=>\"function\"==typeof InitializeEditor,callIfLoaded:function(o){return!(!gform.domLoaded||!gform.scriptsLoaded||!gform.themeScriptsLoaded&&!gform.isFormEditor()||(gform.isFormEditor()&&console.warn(\"The use of gform.initializeOnLoaded() is deprecated in the form editor context and will be removed in Gravity Forms 3.1.\"),o(),0))},initializeOnLoaded:function(o){gform.callIfLoaded(o)||(document.addEventListener(\"gform_main_scripts_loaded\",()=>{gform.scriptsLoaded=!0,gform.callIfLoaded(o)}),document.addEventListener(\"gform\/theme\/scripts_loaded\",()=>{gform.themeScriptsLoaded=!0,gform.callIfLoaded(o)}),window.addEventListener(\"DOMContentLoaded\",()=>{gform.domLoaded=!0,gform.callIfLoaded(o)}))},hooks:{action:{},filter:{}},addAction:function(o,r,e,t){gform.addHook(\"action\",o,r,e,t)},addFilter:function(o,r,e,t){gform.addHook(\"filter\",o,r,e,t)},doAction:function(o){gform.doHook(\"action\",o,arguments)},applyFilters:function(o){return gform.doHook(\"filter\",o,arguments)},removeAction:function(o,r){gform.removeHook(\"action\",o,r)},removeFilter:function(o,r,e){gform.removeHook(\"filter\",o,r,e)},addHook:function(o,r,e,t,n){null==gform.hooks[o][r]&&(gform.hooks[o][r]=[]);var d=gform.hooks[o][r];null==n&&(n=r+\"_\"+d.length),gform.hooks[o][r].push({tag:n,callable:e,priority:t=null==t?10:t})},doHook:function(r,o,e){var t;if(e=Array.prototype.slice.call(e,1),null!=gform.hooks[r][o]&&((o=gform.hooks[r][o]).sort(function(o,r){return o.priority-r.priority}),o.forEach(function(o){\"function\"!=typeof(t=o.callable)&&(t=window[t]),\"action\"==r?t.apply(null,e):e[0]=t.apply(null,e)})),\"filter\"==r)return e[0]},removeHook:function(o,r,t,n){var e;null!=gform.hooks[o][r]&&(e=(e=gform.hooks[o][r]).filter(function(o,r,e){return!!(null!=n&&n!=o.tag||null!=t&&t!=o.priority)}),gform.hooks[o][r]=e)}});\n\/* ]]> *\/\n<\/script>\n\n                <div class='gf_browser_gecko gform_wrapper gform_legacy_markup_wrapper gform-theme--no-framework' data-form-theme='legacy' data-form-index='0' id='gform_wrapper_4' ><div id='gf_4' class='gform_anchor' tabindex='-1'><\/div><form method='post' enctype='multipart\/form-data'  id='gform_4'  action='\/dermatologie\/wp-json\/wp\/v2\/pages\/1263#gf_4' data-formid='4' novalidate>\n                        <div class='gform-body gform_body'><div id='gform_page_4_1' class='gform_page ' data-js='page-field-id-0' >\n\t\t\t\t\t<div class='gform_page_fields'><ul id='gform_fields_4' class='gform_fields top_label form_sublabel_below description_below validation_below'><li id=\"field_4_20260417\" class=\"gfield gfield--type-honeypot gform_validation_container field_sublabel_below gfield--has-description field_description_below field_validation_below gfield_visibility_visible\"  ><label class='gfield_label gform-field-label' for='input_4_20260417'>Company<\/label><div class='ginput_container'><input name='input_20260417' id='input_4_20260417' type='text' value='' autocomplete='new-password'\/><\/div><div class='gfield_description' id='gfield_description_4_20260417'>Dit veld is bedoeld voor validatiedoeleinden en moet niet worden gewijzigd.<\/div><\/li><li id=\"field_4_2\" class=\"gfield gfield--type-text gfield_contains_required field_sublabel_below gfield--no-description field_description_below field_validation_below gfield_visibility_visible\"  ><label class='gfield_label gform-field-label' for='input_4_2'>Naam<span class=\"gfield_required\"><span class=\"gfield_required gfield_required_asterisk\">*<\/span><\/span><\/label><div class='ginput_container ginput_container_text'><input name='input_2' id='input_4_2' type='text' value='' class='medium'     aria-required=\"true\" aria-invalid=\"false\"   \/><\/div><\/li><li id=\"field_4_4\" class=\"gfield gfield--type-email gfield_contains_required field_sublabel_below gfield--no-description field_description_below field_validation_below gfield_visibility_visible\"  ><label class='gfield_label gform-field-label' for='input_4_4'>E-mailadres<span class=\"gfield_required\"><span class=\"gfield_required gfield_required_asterisk\">*<\/span><\/span><\/label><div class='ginput_container ginput_container_email'>\n                            <input name='input_4' id='input_4_4' type='email' value='' class='medium'    aria-required=\"true\" aria-invalid=\"false\"  \/>\n                        <\/div><\/li><li id=\"field_4_5\" class=\"gfield gfield--type-phone field_sublabel_below gfield--no-description field_description_below field_validation_below gfield_visibility_visible\"  ><label class='gfield_label gform-field-label' for='input_4_5'>Telefoonnummer<\/label><div class='ginput_container ginput_container_phone'><input name='input_5' id='input_4_5' type='tel' value='' class='medium'    aria-invalid=\"false\"   \/><\/div><\/li><li id=\"field_4_6\" class=\"gfield gfield--type-date gfield--input-type-datepicker gfield--datepicker-no-icon gfield_contains_required field_sublabel_below gfield--no-description field_description_below field_validation_below gfield_visibility_visible\"  ><label class='gfield_label gform-field-label' for='input_4_6'>Geboortedatum<span class=\"gfield_required\"><span class=\"gfield_required gfield_required_asterisk\">*<\/span><\/span><\/label><div class='ginput_container ginput_container_date'>\n                            <input name='input_6' id='input_4_6' type='text' value='' class='datepicker gform-datepicker dmy_dash datepicker_no_icon gdatepicker-no-icon'   placeholder='dd-mm-yyyy' aria-describedby=\"input_4_6_date_format\" aria-invalid=\"false\" aria-required=\"true\"\/>\n                            <span id='input_4_6_date_format' class='screen-reader-text'>DD dash MM dash JJJJ<\/span>\n                        <\/div>\n                        <input type='hidden' id='gforms_calendar_icon_input_4_6' class='gform_hidden' value='https:\/\/www.mmc.nl\/dermatologie\/wp-content\/plugins\/gravityforms\/images\/datepicker\/datepicker.svg'\/><\/li><li id=\"field_4_7\" class=\"gfield gfield--type-textarea gfield_contains_required field_sublabel_below gfield--no-description field_description_below field_validation_below gfield_visibility_visible\"  ><label class='gfield_label gform-field-label' for='input_4_7'>Bericht<span class=\"gfield_required\"><span class=\"gfield_required gfield_required_asterisk\">*<\/span><\/span><\/label><div class='ginput_container ginput_container_textarea'><textarea name='input_7' id='input_4_7' class='textarea medium'     aria-required=\"true\" aria-invalid=\"false\"   rows='10' cols='50'><\/textarea><\/div><\/li><li id=\"field_4_8\" class=\"gfield gfield--type-html gfield_html gfield_html_formatted gfield_no_follows_desc field_sublabel_below gfield--no-description field_description_below field_validation_below gfield_visibility_visible\"  ><p><span style=\"font-size:10px\"><span style=\"font-family:Arial,Helvetica,sans-serif\">Wij vragen u om uw contactgegevens en uw geboortedatum zodat wij gericht uw vraag kunnen beantwoorden.Bekijk ook onze <a href=\"https:\/\/www.mmc.nl\/privacy\" target=\"_blank\">privacystatement<\/a>.<\/span><\/span><\/p>\n<\/li><\/ul>\n                    <\/div>\n                    <div class='gform-page-footer gform_page_footer top_label'>\n                         <input type='button' id='gform_next_button_4_9' class='gform_next_button gform-theme-button button' onclick='gform.submission.handleButtonClick(this);' data-submission-type='next' value='Controleer en verstuur'  \/> \n                    <\/div>\n                <\/div>\n                <div id='gform_page_4_2' class='gform_page gform_review_page ' data-js='page-field-id-9' style='display:none;'>\n                    <div class='gform_page_fields'>\n                        <ul id='gform_fields_4_2' class='gform_fields top_label form_sublabel_below description_below validation_below'><li id=\"field_4_10\" class=\"gfield gfield--type-html gfield_html gfield_html_formatted gfield_no_follows_desc field_sublabel_below gfield--no-description field_description_below field_validation_below gfield_visibility_visible\"  ><table width=\"99%\" border=\"0\" cellpadding=\"1\" cellspacing=\"0\" bgcolor=\"#EAEAEA\"><tr><td>\r\n                            <table width=\"100%\" border=\"0\" cellpadding=\"5\" cellspacing=\"0\" bgcolor=\"#FFFFFF\">\r\n                            <\/table>\r\n                        <\/td>\r\n                   <\/tr>\r\n               <\/table><\/li><li id=\"field_4_20260416\" class=\"gfield gfield--type-captcha field_sublabel_below gfield--no-description field_description_below field_validation_below gfield_visibility_visible\"  ><label class='gfield_label gform-field-label' for='input_4_20260416'>Typ hier de code<\/label><div class='gfield_captcha_container'><img class='gfield_captcha lazyload' data-src='https:\/\/www.mmc.nl\/dermatologie\/index.php?gf-download=2061714360.png&#038;form-id=captcha&#038;field-id=20260416&#038;hash=24756b10ea9f9a70631472ba18ac0065d26149d0d30c72a8ab012d11acb4077f' alt='' width='150' height='42' src='data:image\/svg+xml;base64,PHN2ZyB3aWR0aD0iMSIgaGVpZ2h0PSIxIiB4bWxucz0iaHR0cDovL3d3dy53My5vcmcvMjAwMC9zdmciPjwvc3ZnPg==' style='--smush-placeholder-width: 150px; --smush-placeholder-aspect-ratio: 150\/42;' \/><div class='gfield_captcha_input_container simple_captcha_medium'><input type='text' autocomplete='off' name='input_20260416' id='input_4_20260416' \/><input type='hidden' name='input_captcha_prefix_20260416' value='2061714360' \/><\/div><\/div><\/li><\/ul><\/div>\n        <div class='gform-page-footer gform_page_footer top_label'><input type='submit' id='gform_previous_button_4' class='gform_previous_button gform-theme-button gform-theme-button--secondary button' onclick='gform.submission.handleButtonClick(this);' data-submission-type='previous' value='Ga terug'  \/> <input type='submit' id='gform_submit_button_4' class='gform_button button' onclick='gform.submission.handleButtonClick(this);' data-submission-type='submit' value='Versturen'  \/> \n            <input type='hidden' class='gform_hidden' name='gform_submission_method' data-js='gform_submission_method_4' value='postback' \/>\n            <input type='hidden' class='gform_hidden' name='gform_theme' data-js='gform_theme_4' id='gform_theme_4' value='legacy' \/>\n            <input type='hidden' class='gform_hidden' name='gform_style_settings' data-js='gform_style_settings_4' id='gform_style_settings_4' value='[]' \/>\n            <input type='hidden' class='gform_hidden' name='is_submit_4' value='1' \/>\n            <input type='hidden' class='gform_hidden' name='gform_submit' value='4' \/>\n            \n            <input type='hidden' class='gform_hidden' name='gform_currency' data-currency='EUR' value='ZeaSCwXIQTyU\/sEDDYcf0zFU0rX8QvloBYibpu8rL\/64Yag4hVTuTX\/eVV8fJBH0LQMs5xxOozLFbpUWgJn4CXpAlJ+\/YE3K7oSGxJKSDwp71SQ=' \/>\n            <input type='hidden' class='gform_hidden' name='gform_unique_id' value='' \/>\n            <input type='hidden' class='gform_hidden' name='state_4' value='WyJbXSIsImY0MjNjOTJhMzk3MTZiYjU5NDg1OWU0NjVmZGI1YWY4Il0=' \/>\n            <input type='hidden' autocomplete='off' class='gform_hidden' name='gform_target_page_number_4' id='gform_target_page_number_4' value='2' \/>\n            <input type='hidden' autocomplete='off' class='gform_hidden' name='gform_source_page_number_4' id='gform_source_page_number_4' value='1' \/>\n            <input type='hidden' name='gform_field_values' value='' \/>\n            \n        <\/div>\n             <\/div><\/div>\n                        <\/form>\n                        <\/div><script type=\"text\/javascript\">\n\/* <![CDATA[ *\/\n gform.initializeOnLoaded( function() {gformInitSpinner( 4, 'https:\/\/www.mmc.nl\/dermatologie\/wp-content\/plugins\/gravityforms\/images\/spinner.svg', true );jQuery('#gform_ajax_frame_4').on('load',function(){var contents = jQuery(this).contents().find('*').html();var is_postback = contents.indexOf('GF_AJAX_POSTBACK') >= 0;if(!is_postback){return;}var form_content = jQuery(this).contents().find('#gform_wrapper_4');var is_confirmation = jQuery(this).contents().find('#gform_confirmation_wrapper_4').length > 0;var is_redirect = contents.indexOf('gformRedirect(){') >= 0;var is_form = form_content.length > 0 && ! is_redirect && ! is_confirmation;var mt = parseInt(jQuery('html').css('margin-top'), 10) + parseInt(jQuery('body').css('margin-top'), 10) + 100;if(is_form){jQuery('#gform_wrapper_4').html(form_content.html());if(form_content.hasClass('gform_validation_error')){jQuery('#gform_wrapper_4').addClass('gform_validation_error');} else {jQuery('#gform_wrapper_4').removeClass('gform_validation_error');}setTimeout( function() { \/* delay the scroll by 50 milliseconds to fix a bug in chrome *\/ jQuery(document).scrollTop(jQuery('#gform_wrapper_4').offset().top - mt); }, 50 );if(window['gformInitDatepicker']) {gformInitDatepicker();}if(window['gformInitPriceFields']) {gformInitPriceFields();}var current_page = jQuery('#gform_source_page_number_4').val();gformInitSpinner( 4, 'https:\/\/www.mmc.nl\/dermatologie\/wp-content\/plugins\/gravityforms\/images\/spinner.svg', true );jQuery(document).trigger('gform_page_loaded', [4, current_page]);window['gf_submitting_4'] = false;}else if(!is_redirect){var confirmation_content = jQuery(this).contents().find('.GF_AJAX_POSTBACK').html();if(!confirmation_content){confirmation_content = contents;}jQuery('#gform_wrapper_4').replaceWith(confirmation_content);jQuery(document).scrollTop(jQuery('#gf_4').offset().top - mt);jQuery(document).trigger('gform_confirmation_loaded', [4]);window['gf_submitting_4'] = false;wp.a11y.speak(jQuery('#gform_confirmation_message_4').text());}else{jQuery('#gform_4').append(contents);if(window['gformRedirect']) {gformRedirect();}}jQuery(document).trigger(\"gform_pre_post_render\", [{ formId: \"4\", currentPage: \"current_page\", abort: function() { this.preventDefault(); } }]);        if (event && event.defaultPrevented) {                return;        }        const gformWrapperDiv = document.getElementById( \"gform_wrapper_4\" );        if ( gformWrapperDiv ) {            const visibilitySpan = document.createElement( \"span\" );            visibilitySpan.id = \"gform_visibility_test_4\";            gformWrapperDiv.insertAdjacentElement( \"afterend\", visibilitySpan );        }        const visibilityTestDiv = document.getElementById( \"gform_visibility_test_4\" );        let postRenderFired = false;        function triggerPostRender() {            if ( postRenderFired ) {                return;            }            postRenderFired = true;            gform.core.triggerPostRenderEvents( 4, current_page );            if ( visibilityTestDiv ) {                visibilityTestDiv.parentNode.removeChild( visibilityTestDiv );            }        }        function debounce( func, wait, immediate ) {            var timeout;            return function() {                var context = this, args = arguments;                var later = function() {                    timeout = null;                    if ( !immediate ) func.apply( context, args );                };                var callNow = immediate && !timeout;                clearTimeout( timeout );                timeout = setTimeout( later, wait );                if ( callNow ) func.apply( context, args );            };        }        const debouncedTriggerPostRender = debounce( function() {            triggerPostRender();        }, 200 );        if ( visibilityTestDiv && visibilityTestDiv.offsetParent === null ) {            const observer = new MutationObserver( ( mutations ) => {                mutations.forEach( ( mutation ) => {                    if ( mutation.type === 'attributes' && visibilityTestDiv.offsetParent !== null ) {                        debouncedTriggerPostRender();                        observer.disconnect();                    }                });            });            observer.observe( document.body, {                attributes: true,                childList: false,                subtree: true,                attributeFilter: [ 'style', 'class' ],            });        } else {            triggerPostRender();        }    } );} ); \n\/* ]]> *\/\n<\/script>\n\n","protected":false},"excerpt":{"rendered":"<p>Bent u al pati\u00ebnt bij M\u00e1xima MC? MijnMMC is d\u00e9 digitale omgeving voor u als pati\u00ebnt. Via uw computer, tablet of smartphone heeft u altijd uw medische gegevens bij de hand en kunt u zelf veilig en gemakkelijk uw ziekenhuiszaken regelen. Waar en wanneer het u uitkomt. Ga naar MijnMMC Contactformulier Bent u (nog) geen [&hellip;]<\/p>\n","protected":false},"author":3,"featured_media":1,"parent":653,"menu_order":0,"comment_status":"closed","ping_status":"closed","template":"","meta":{"_acf_changed":false,"ep_exclude_from_search":false,"footnotes":""},"tags":[627],"class_list":["post-1263","page","type-page","status-publish","has-post-thumbnail","hentry","tag-contactformulier"],"acf":[],"yoast_head":"<!-- This site is optimized with the Yoast SEO Premium plugin v27.3 (Yoast SEO v27.3) - https:\/\/yoast.com\/product\/yoast-seo-premium-wordpress\/ -->\n<title>Contactformulier - Dermatologie<\/title>\n<meta name=\"description\" content=\"Het digitale pati\u00ebntenportaal MijnMMC geeft u online toegang tot uw medische gegevens. Bent u nog geen pati\u00ebnt bij MMC vul dan het algemene contactformulier in.\" \/>\n<meta name=\"robots\" content=\"index, follow, max-snippet:-1, max-image-preview:large, max-video-preview:-1\" \/>\n<link rel=\"canonical\" href=\"https:\/\/www.mmc.nl\/dermatologie\/contact\/contactformulier\/\" \/>\n<meta property=\"og:locale\" content=\"nl_NL\" \/>\n<meta property=\"og:type\" content=\"article\" \/>\n<meta property=\"og:title\" content=\"Contactformulier\" \/>\n<meta property=\"og:description\" content=\"Het digitale pati\u00ebntenportaal MijnMMC geeft u online toegang tot uw medische gegevens. Bent u nog geen pati\u00ebnt bij MMC vul dan het algemene contactformulier in.\" \/>\n<meta property=\"og:url\" content=\"https:\/\/www.mmc.nl\/dermatologie\/contact\/contactformulier\/\" \/>\n<meta property=\"og:site_name\" content=\"Dermatologie\" \/>\n<meta property=\"article:modified_time\" content=\"2024-02-15T15:44:44+00:00\" \/>\n<meta name=\"twitter:card\" content=\"summary_large_image\" \/>\n<script type=\"application\/ld+json\" class=\"yoast-schema-graph\">{\"@context\":\"https:\\\/\\\/schema.org\",\"@graph\":[{\"@type\":\"WebPage\",\"@id\":\"https:\\\/\\\/www.mmc.nl\\\/dermatologie\\\/contact\\\/contactformulier\\\/\",\"url\":\"https:\\\/\\\/www.mmc.nl\\\/dermatologie\\\/contact\\\/contactformulier\\\/\",\"name\":\"Contactformulier - Dermatologie\",\"isPartOf\":{\"@id\":\"https:\\\/\\\/www.mmc.nl\\\/dermatologie\\\/#website\"},\"primaryImageOfPage\":{\"@id\":\"https:\\\/\\\/www.mmc.nl\\\/dermatologie\\\/contact\\\/contactformulier\\\/#primaryimage\"},\"image\":{\"@id\":\"https:\\\/\\\/www.mmc.nl\\\/dermatologie\\\/contact\\\/contactformulier\\\/#primaryimage\"},\"thumbnailUrl\":\"\",\"datePublished\":\"2019-03-21T15:34:45+00:00\",\"dateModified\":\"2024-02-15T15:44:44+00:00\",\"description\":\"Het digitale pati\u00ebntenportaal MijnMMC geeft u online toegang tot uw medische gegevens. Bent u nog geen pati\u00ebnt bij MMC vul dan het algemene contactformulier in.\",\"breadcrumb\":{\"@id\":\"https:\\\/\\\/www.mmc.nl\\\/dermatologie\\\/contact\\\/contactformulier\\\/#breadcrumb\"},\"inLanguage\":\"nl-NL\",\"potentialAction\":[{\"@type\":\"ReadAction\",\"target\":[\"https:\\\/\\\/www.mmc.nl\\\/dermatologie\\\/contact\\\/contactformulier\\\/\"]}]},{\"@type\":\"ImageObject\",\"inLanguage\":\"nl-NL\",\"@id\":\"https:\\\/\\\/www.mmc.nl\\\/dermatologie\\\/contact\\\/contactformulier\\\/#primaryimage\",\"url\":\"\",\"contentUrl\":\"\"},{\"@type\":\"BreadcrumbList\",\"@id\":\"https:\\\/\\\/www.mmc.nl\\\/dermatologie\\\/contact\\\/contactformulier\\\/#breadcrumb\",\"itemListElement\":[{\"@type\":\"ListItem\",\"position\":1,\"name\":\"Dermatologie\",\"item\":\"https:\\\/\\\/www.mmc.nl\\\/dermatologie\\\/\"},{\"@type\":\"ListItem\",\"position\":2,\"name\":\"Contact\",\"item\":\"https:\\\/\\\/www.mmc.nl\\\/dermatologie\\\/contact\\\/\"},{\"@type\":\"ListItem\",\"position\":3,\"name\":\"Contactformulier\"}]},{\"@type\":\"WebSite\",\"@id\":\"https:\\\/\\\/www.mmc.nl\\\/dermatologie\\\/#website\",\"url\":\"https:\\\/\\\/www.mmc.nl\\\/dermatologie\\\/\",\"name\":\"Dermatologie\",\"description\":\"\",\"potentialAction\":[{\"@type\":\"SearchAction\",\"target\":{\"@type\":\"EntryPoint\",\"urlTemplate\":\"https:\\\/\\\/www.mmc.nl\\\/dermatologie\\\/?s={search_term_string}\"},\"query-input\":{\"@type\":\"PropertyValueSpecification\",\"valueRequired\":true,\"valueName\":\"search_term_string\"}}],\"inLanguage\":\"nl-NL\"}]}<\/script>\n<!-- \/ Yoast SEO Premium plugin. -->","yoast_head_json":{"title":"Contactformulier - Dermatologie","description":"Het digitale pati\u00ebntenportaal MijnMMC geeft u online toegang tot uw medische gegevens. Bent u nog geen pati\u00ebnt bij MMC vul dan het algemene contactformulier in.","robots":{"index":"index","follow":"follow","max-snippet":"max-snippet:-1","max-image-preview":"max-image-preview:large","max-video-preview":"max-video-preview:-1"},"canonical":"https:\/\/www.mmc.nl\/dermatologie\/contact\/contactformulier\/","og_locale":"nl_NL","og_type":"article","og_title":"Contactformulier","og_description":"Het digitale pati\u00ebntenportaal MijnMMC geeft u online toegang tot uw medische gegevens. Bent u nog geen pati\u00ebnt bij MMC vul dan het algemene contactformulier in.","og_url":"https:\/\/www.mmc.nl\/dermatologie\/contact\/contactformulier\/","og_site_name":"Dermatologie","article_modified_time":"2024-02-15T15:44:44+00:00","twitter_card":"summary_large_image","schema":{"@context":"https:\/\/schema.org","@graph":[{"@type":"WebPage","@id":"https:\/\/www.mmc.nl\/dermatologie\/contact\/contactformulier\/","url":"https:\/\/www.mmc.nl\/dermatologie\/contact\/contactformulier\/","name":"Contactformulier - Dermatologie","isPartOf":{"@id":"https:\/\/www.mmc.nl\/dermatologie\/#website"},"primaryImageOfPage":{"@id":"https:\/\/www.mmc.nl\/dermatologie\/contact\/contactformulier\/#primaryimage"},"image":{"@id":"https:\/\/www.mmc.nl\/dermatologie\/contact\/contactformulier\/#primaryimage"},"thumbnailUrl":"","datePublished":"2019-03-21T15:34:45+00:00","dateModified":"2024-02-15T15:44:44+00:00","description":"Het digitale pati\u00ebntenportaal MijnMMC geeft u online toegang tot uw medische gegevens. Bent u nog geen pati\u00ebnt bij MMC vul dan het algemene contactformulier in.","breadcrumb":{"@id":"https:\/\/www.mmc.nl\/dermatologie\/contact\/contactformulier\/#breadcrumb"},"inLanguage":"nl-NL","potentialAction":[{"@type":"ReadAction","target":["https:\/\/www.mmc.nl\/dermatologie\/contact\/contactformulier\/"]}]},{"@type":"ImageObject","inLanguage":"nl-NL","@id":"https:\/\/www.mmc.nl\/dermatologie\/contact\/contactformulier\/#primaryimage","url":"","contentUrl":""},{"@type":"BreadcrumbList","@id":"https:\/\/www.mmc.nl\/dermatologie\/contact\/contactformulier\/#breadcrumb","itemListElement":[{"@type":"ListItem","position":1,"name":"Dermatologie","item":"https:\/\/www.mmc.nl\/dermatologie\/"},{"@type":"ListItem","position":2,"name":"Contact","item":"https:\/\/www.mmc.nl\/dermatologie\/contact\/"},{"@type":"ListItem","position":3,"name":"Contactformulier"}]},{"@type":"WebSite","@id":"https:\/\/www.mmc.nl\/dermatologie\/#website","url":"https:\/\/www.mmc.nl\/dermatologie\/","name":"Dermatologie","description":"","potentialAction":[{"@type":"SearchAction","target":{"@type":"EntryPoint","urlTemplate":"https:\/\/www.mmc.nl\/dermatologie\/?s={search_term_string}"},"query-input":{"@type":"PropertyValueSpecification","valueRequired":true,"valueName":"search_term_string"}}],"inLanguage":"nl-NL"}]}},"_links":{"self":[{"href":"https:\/\/www.mmc.nl\/dermatologie\/wp-json\/wp\/v2\/pages\/1263","targetHints":{"allow":["GET"]}}],"collection":[{"href":"https:\/\/www.mmc.nl\/dermatologie\/wp-json\/wp\/v2\/pages"}],"about":[{"href":"https:\/\/www.mmc.nl\/dermatologie\/wp-json\/wp\/v2\/types\/page"}],"author":[{"embeddable":true,"href":"https:\/\/www.mmc.nl\/dermatologie\/wp-json\/wp\/v2\/users\/3"}],"replies":[{"embeddable":true,"href":"https:\/\/www.mmc.nl\/dermatologie\/wp-json\/wp\/v2\/comments?post=1263"}],"version-history":[{"count":4,"href":"https:\/\/www.mmc.nl\/dermatologie\/wp-json\/wp\/v2\/pages\/1263\/revisions"}],"predecessor-version":[{"id":2012,"href":"https:\/\/www.mmc.nl\/dermatologie\/wp-json\/wp\/v2\/pages\/1263\/revisions\/2012"}],"up":[{"embeddable":true,"href":"https:\/\/www.mmc.nl\/dermatologie\/wp-json\/wp\/v2\/pages\/653"}],"wp:featuredmedia":[{"embeddable":true,"href":"https:\/\/www.mmc.nl\/dermatologie\/wp-json\/"}],"wp:attachment":[{"href":"https:\/\/www.mmc.nl\/dermatologie\/wp-json\/wp\/v2\/media?parent=1263"}],"wp:term":[{"taxonomy":"post_tag","embeddable":true,"href":"https:\/\/www.mmc.nl\/dermatologie\/wp-json\/wp\/v2\/tags?post=1263"}],"curies":[{"name":"wp","href":"https:\/\/api.w.org\/{rel}","templated":true}]}}