{"id":2789,"date":"2024-02-19T22:55:00","date_gmt":"2024-02-19T21:55:00","guid":{"rendered":"https:\/\/www.mmc.nl\/gynaecologie\/?page_id=2789"},"modified":"2024-08-13T15:05:28","modified_gmt":"2024-08-13T13:05:28","slug":"fertiliteitsonderzoek","status":"publish","type":"page","link":"https:\/\/www.mmc.nl\/gynaecologie\/fertiliteitsonderzoek\/","title":{"rendered":"Fertiliteitsonderzoek"},"content":{"rendered":"<p><strong>Wanneer het niet lukt om zwanger te raken, houdt de gynaecoloog enkele onderzoeken. Na aanmelding op de fertiliteitpolikliniek wordt het ori\u00ebnterend fertiliteitsonderzoek (OFO) verricht.<\/strong> Het ori\u00ebnterend fertiliteitsonderzoek (OFO) bestaat uit (een deel van) de volgende stappen:<\/p>\n<ul>\n<li>Aan de hand van vragenlijsten wordt er bij u en uw partner gekeken naar de medische voorgeschiedenis.<\/li>\n<li>Bij de man vindt <a href=\"https:\/\/webshare.iprova.nl\/t25004jn9vryq9ss\/Document.aspx?websharedocumentid=82fc4c11-995a-4996-b8f5-921ce1a77af5\" target=\"_blank\" rel=\"noopener noreferrer\">zaadonderzoek<\/a> plaats.<\/li>\n<li>Bij de vrouw wordt door middel van frequente echo\u2019s en bloedonderzoek gekeken of er een eisprong optreedt.<\/li>\n<li>Indien de cyclus erg onregelmatig is, wordt er uitgebreid bloedonderzoek verricht om informatie te krijgen over eventuele eileiderinfecties uit het verleden. Ook kan de arts aanvullend onderzoek doen naar de <a href=\"https:\/\/webshare.iprova.nl\/t25004jn9vryq9ss\/Document.aspx?websharedocumentid=803f5eac-a1a0-4cd5-8d59-cfb35f2c6d5f\" target=\"_blank\" rel=\"noopener noreferrer\">doorgankelijkheid van de eileiders<\/a>.<\/li>\n<li>Een ander mogelijk onderzoek is een <a href=\"https:\/\/webshare.iprova.nl\/t25004jn9vryq9ss\/Document.aspx?websharedocumentid=b25d4a20-430a-415b-88fd-f5eb642ba969\" target=\"_blank\" rel=\"noopener noreferrer\">transvaginale hydrolaparoscopie<\/a>. Dit is een kijkoperatie in de buikholte. Het doel hiervan is het onderzoeken van de eileiders en de eierstokken. Het Vrouw Moeder Kind-centrum van M\u00e1xima MC is \u00e9\u00e9n van de weinige klinieken in Nederland die deze onderzoeken poliklinisch uitvoert.<\/li>\n<li>Via een r\u00f6ntgenonderzoek kan de gynaecoloog de vorm van de baarmoeder en de doorgankelijkheid van de eileiders bekijken. Dit onderzoek wordt ook wel een <a href=\"https:\/\/webshare.iprova.nl\/t25004jn9vryq9ss\/Document.aspx?websharedocumentid=b25d4a20-430a-415b-88fd-f5eb642ba969\" target=\"_blank\" rel=\"noopener noreferrer\">hysterosalpingografie (HSG)<\/a> genoemd en vindt net na de menstruatie en voor de eisprong plaats. Na het ori\u00ebnterend fertiliteitsonderzoek wordt een inschatting gemaakt hoe groot de kans is dat u binnen een jaar zwanger wordt. Wanneer de kans groot is, volgt er niet direct een behandeling. Indien er een relatief kleine kans is dat u zwanger raakt, wordt er gekozen voor een <a href=\"https:\/\/www.mmc.nl\/gynaecologie\/aandoeningen-en-behandelingen\/vruchtbaarheidsbehandelingen\/\">behandeling<\/a> die afhankelijk is van de gestelde diagnose.<\/li>\n<\/ul>\n","protected":false},"excerpt":{"rendered":"<p>Wanneer het niet lukt om zwanger te raken, houdt de gynaecoloog enkele onderzoeken. Na aanmelding op de fertiliteitpolikliniek wordt het ori\u00ebnterend fertiliteitsonderzoek (OFO) verricht. Het ori\u00ebnterend fertiliteitsonderzoek (OFO) bestaat uit (een deel van) de volgende stappen: Aan de hand van vragenlijsten wordt er bij u en uw partner gekeken naar de medische voorgeschiedenis. Bij de [&hellip;]<\/p>\n","protected":false},"author":221,"featured_media":1,"parent":0,"menu_order":0,"comment_status":"closed","ping_status":"closed","template":"page.php","meta":{"_acf_changed":false,"ep_exclude_from_search":false,"footnotes":""},"tags":[],"class_list":["post-2789","page","type-page","status-publish","has-post-thumbnail","hentry"],"acf":[],"yoast_head":"<!-- This site is optimized with the Yoast SEO Premium plugin v27.1 (Yoast SEO v27.1.1) - https:\/\/yoast.com\/product\/yoast-seo-premium-wordpress\/ -->\n<title>Fertiliteitsonderzoek - Gynaecologie<\/title>\n<meta name=\"robots\" content=\"index, follow, max-snippet:-1, max-image-preview:large, max-video-preview:-1\" \/>\n<link rel=\"canonical\" href=\"https:\/\/www.mmc.nl\/gynaecologie\/fertiliteitsonderzoek\/\" \/>\n<meta property=\"og:locale\" content=\"nl_NL\" \/>\n<meta property=\"og:type\" content=\"article\" \/>\n<meta property=\"og:title\" content=\"Fertiliteitsonderzoek\" \/>\n<meta property=\"og:description\" content=\"Wanneer het niet lukt om zwanger te raken, houdt de gynaecoloog enkele onderzoeken. Na aanmelding op de fertiliteitpolikliniek wordt het ori\u00ebnterend fertiliteitsonderzoek (OFO) verricht. Het ori\u00ebnterend fertiliteitsonderzoek (OFO) bestaat uit (een deel van) de volgende stappen: Aan de hand van vragenlijsten wordt er bij u en uw partner gekeken naar de medische voorgeschiedenis. Bij de [&hellip;]\" \/>\n<meta property=\"og:url\" content=\"https:\/\/www.mmc.nl\/gynaecologie\/fertiliteitsonderzoek\/\" \/>\n<meta property=\"og:site_name\" content=\"Gynaecologie\" \/>\n<meta property=\"article:modified_time\" content=\"2024-08-13T13:05:28+00:00\" \/>\n<meta name=\"twitter:card\" content=\"summary_large_image\" \/>\n<meta name=\"twitter:label1\" content=\"Geschatte leestijd\" \/>\n\t<meta name=\"twitter:data1\" content=\"2 minuten\" \/>\n<script type=\"application\/ld+json\" class=\"yoast-schema-graph\">{\"@context\":\"https:\/\/schema.org\",\"@graph\":[{\"@type\":\"WebPage\",\"@id\":\"https:\/\/www.mmc.nl\/gynaecologie\/fertiliteitsonderzoek\/\",\"url\":\"https:\/\/www.mmc.nl\/gynaecologie\/fertiliteitsonderzoek\/\",\"name\":\"Fertiliteitsonderzoek - Gynaecologie\",\"isPartOf\":{\"@id\":\"https:\/\/www.mmc.nl\/gynaecologie\/#website\"},\"primaryImageOfPage\":{\"@id\":\"https:\/\/www.mmc.nl\/gynaecologie\/fertiliteitsonderzoek\/#primaryimage\"},\"image\":{\"@id\":\"https:\/\/www.mmc.nl\/gynaecologie\/fertiliteitsonderzoek\/#primaryimage\"},\"thumbnailUrl\":\"\",\"datePublished\":\"2024-02-19T21:55:00+00:00\",\"dateModified\":\"2024-08-13T13:05:28+00:00\",\"breadcrumb\":{\"@id\":\"https:\/\/www.mmc.nl\/gynaecologie\/fertiliteitsonderzoek\/#breadcrumb\"},\"inLanguage\":\"nl-NL\",\"potentialAction\":[{\"@type\":\"ReadAction\",\"target\":[\"https:\/\/www.mmc.nl\/gynaecologie\/fertiliteitsonderzoek\/\"]}]},{\"@type\":\"ImageObject\",\"inLanguage\":\"nl-NL\",\"@id\":\"https:\/\/www.mmc.nl\/gynaecologie\/fertiliteitsonderzoek\/#primaryimage\",\"url\":\"\",\"contentUrl\":\"\"},{\"@type\":\"BreadcrumbList\",\"@id\":\"https:\/\/www.mmc.nl\/gynaecologie\/fertiliteitsonderzoek\/#breadcrumb\",\"itemListElement\":[{\"@type\":\"ListItem\",\"position\":1,\"name\":\"Gynaecologie\",\"item\":\"https:\/\/www.mmc.nl\/gynaecologie\/\"},{\"@type\":\"ListItem\",\"position\":2,\"name\":\"Fertiliteitsonderzoek\"}]},{\"@type\":\"WebSite\",\"@id\":\"https:\/\/www.mmc.nl\/gynaecologie\/#website\",\"url\":\"https:\/\/www.mmc.nl\/gynaecologie\/\",\"name\":\"Gynaecologie\",\"description\":\"Een andere wp test sites (network) site\",\"potentialAction\":[{\"@type\":\"SearchAction\",\"target\":{\"@type\":\"EntryPoint\",\"urlTemplate\":\"https:\/\/www.mmc.nl\/gynaecologie\/?s={search_term_string}\"},\"query-input\":{\"@type\":\"PropertyValueSpecification\",\"valueRequired\":true,\"valueName\":\"search_term_string\"}}],\"inLanguage\":\"nl-NL\"}]}<\/script>\n<!-- \/ Yoast SEO Premium plugin. -->","yoast_head_json":{"title":"Fertiliteitsonderzoek - Gynaecologie","robots":{"index":"index","follow":"follow","max-snippet":"max-snippet:-1","max-image-preview":"max-image-preview:large","max-video-preview":"max-video-preview:-1"},"canonical":"https:\/\/www.mmc.nl\/gynaecologie\/fertiliteitsonderzoek\/","og_locale":"nl_NL","og_type":"article","og_title":"Fertiliteitsonderzoek","og_description":"Wanneer het niet lukt om zwanger te raken, houdt de gynaecoloog enkele onderzoeken. Na aanmelding op de fertiliteitpolikliniek wordt het ori\u00ebnterend fertiliteitsonderzoek (OFO) verricht. Het ori\u00ebnterend fertiliteitsonderzoek (OFO) bestaat uit (een deel van) de volgende stappen: Aan de hand van vragenlijsten wordt er bij u en uw partner gekeken naar de medische voorgeschiedenis. Bij de [&hellip;]","og_url":"https:\/\/www.mmc.nl\/gynaecologie\/fertiliteitsonderzoek\/","og_site_name":"Gynaecologie","article_modified_time":"2024-08-13T13:05:28+00:00","twitter_card":"summary_large_image","twitter_misc":{"Geschatte leestijd":"2 minuten"},"schema":{"@context":"https:\/\/schema.org","@graph":[{"@type":"WebPage","@id":"https:\/\/www.mmc.nl\/gynaecologie\/fertiliteitsonderzoek\/","url":"https:\/\/www.mmc.nl\/gynaecologie\/fertiliteitsonderzoek\/","name":"Fertiliteitsonderzoek - Gynaecologie","isPartOf":{"@id":"https:\/\/www.mmc.nl\/gynaecologie\/#website"},"primaryImageOfPage":{"@id":"https:\/\/www.mmc.nl\/gynaecologie\/fertiliteitsonderzoek\/#primaryimage"},"image":{"@id":"https:\/\/www.mmc.nl\/gynaecologie\/fertiliteitsonderzoek\/#primaryimage"},"thumbnailUrl":"","datePublished":"2024-02-19T21:55:00+00:00","dateModified":"2024-08-13T13:05:28+00:00","breadcrumb":{"@id":"https:\/\/www.mmc.nl\/gynaecologie\/fertiliteitsonderzoek\/#breadcrumb"},"inLanguage":"nl-NL","potentialAction":[{"@type":"ReadAction","target":["https:\/\/www.mmc.nl\/gynaecologie\/fertiliteitsonderzoek\/"]}]},{"@type":"ImageObject","inLanguage":"nl-NL","@id":"https:\/\/www.mmc.nl\/gynaecologie\/fertiliteitsonderzoek\/#primaryimage","url":"","contentUrl":""},{"@type":"BreadcrumbList","@id":"https:\/\/www.mmc.nl\/gynaecologie\/fertiliteitsonderzoek\/#breadcrumb","itemListElement":[{"@type":"ListItem","position":1,"name":"Gynaecologie","item":"https:\/\/www.mmc.nl\/gynaecologie\/"},{"@type":"ListItem","position":2,"name":"Fertiliteitsonderzoek"}]},{"@type":"WebSite","@id":"https:\/\/www.mmc.nl\/gynaecologie\/#website","url":"https:\/\/www.mmc.nl\/gynaecologie\/","name":"Gynaecologie","description":"Een andere wp test sites (network) site","potentialAction":[{"@type":"SearchAction","target":{"@type":"EntryPoint","urlTemplate":"https:\/\/www.mmc.nl\/gynaecologie\/?s={search_term_string}"},"query-input":{"@type":"PropertyValueSpecification","valueRequired":true,"valueName":"search_term_string"}}],"inLanguage":"nl-NL"}]}},"_links":{"self":[{"href":"https:\/\/www.mmc.nl\/gynaecologie\/wp-json\/wp\/v2\/pages\/2789","targetHints":{"allow":["GET"]}}],"collection":[{"href":"https:\/\/www.mmc.nl\/gynaecologie\/wp-json\/wp\/v2\/pages"}],"about":[{"href":"https:\/\/www.mmc.nl\/gynaecologie\/wp-json\/wp\/v2\/types\/page"}],"author":[{"embeddable":true,"href":"https:\/\/www.mmc.nl\/gynaecologie\/wp-json\/wp\/v2\/users\/221"}],"replies":[{"embeddable":true,"href":"https:\/\/www.mmc.nl\/gynaecologie\/wp-json\/wp\/v2\/comments?post=2789"}],"version-history":[{"count":3,"href":"https:\/\/www.mmc.nl\/gynaecologie\/wp-json\/wp\/v2\/pages\/2789\/revisions"}],"predecessor-version":[{"id":2908,"href":"https:\/\/www.mmc.nl\/gynaecologie\/wp-json\/wp\/v2\/pages\/2789\/revisions\/2908"}],"wp:featuredmedia":[{"embeddable":true,"href":"https:\/\/www.mmc.nl\/gynaecologie\/wp-json\/"}],"wp:attachment":[{"href":"https:\/\/www.mmc.nl\/gynaecologie\/wp-json\/wp\/v2\/media?parent=2789"}],"wp:term":[{"taxonomy":"post_tag","embeddable":true,"href":"https:\/\/www.mmc.nl\/gynaecologie\/wp-json\/wp\/v2\/tags?post=2789"}],"curies":[{"name":"wp","href":"https:\/\/api.w.org\/{rel}","templated":true}]}}