{"id":331,"date":"2017-07-12T14:11:29","date_gmt":"2017-07-12T12:11:29","guid":{"rendered":"https:\/\/www.mmc.nl\/obesitascentrum\/?page_id=331"},"modified":"2022-10-10T14:45:37","modified_gmt":"2022-10-10T12:45:37","slug":"behandelteam","status":"publish","type":"page","link":"https:\/\/www.mmc.nl\/obesitascentrum\/behandelteam\/","title":{"rendered":"Het behandelteam"},"content":{"rendered":"<p><strong>In het obesitascentrum van M\u00e1xima MC in Eindhoven\/Veldhoven werkt een toegewijd team van deskundigen dat v\u00f3\u00f3r, tijdens, maar vooral na de operatie klaarstaat om u te begeleiden naar een gezonde leefstijl. Het team bestaat uit een chirurg, fysiotherapeut, psycholoog, di\u00ebtist en casemanager:<\/strong><\/p>\n<h2><strong>Casemanager<br \/>\n<\/strong><img decoding=\"async\" class=\"alignnone wp-image-3701 lazyload\" data-src=\"https:\/\/www.mmc.nl\/obesitascentrum\/wp-content\/uploads\/sites\/28\/2022\/08\/Case-managers-obesitascentrum-maagverkleining_verkleind.jpg\" alt=\"Casemanagers obesitascentrum Eindhoven bij maagverkleining\" width=\"600\" height=\"400\" data-srcset=\"https:\/\/www.mmc.nl\/obesitascentrum\/wp-content\/uploads\/sites\/28\/2022\/08\/Case-managers-obesitascentrum-maagverkleining_verkleind.jpg 1152w, https:\/\/www.mmc.nl\/obesitascentrum\/wp-content\/uploads\/sites\/28\/2022\/08\/Case-managers-obesitascentrum-maagverkleining_verkleind-300x200.jpg 300w, https:\/\/www.mmc.nl\/obesitascentrum\/wp-content\/uploads\/sites\/28\/2022\/08\/Case-managers-obesitascentrum-maagverkleining_verkleind-1024x683.jpg 1024w, https:\/\/www.mmc.nl\/obesitascentrum\/wp-content\/uploads\/sites\/28\/2022\/08\/Case-managers-obesitascentrum-maagverkleining_verkleind-768x512.jpg 768w, https:\/\/www.mmc.nl\/obesitascentrum\/wp-content\/uploads\/sites\/28\/2022\/08\/Case-managers-obesitascentrum-maagverkleining_verkleind-150x100.jpg 150w\" data-sizes=\"(max-width: 600px) 100vw, 600px\" src=\"data:image\/svg+xml;base64,PHN2ZyB3aWR0aD0iMSIgaGVpZ2h0PSIxIiB4bWxucz0iaHR0cDovL3d3dy53My5vcmcvMjAwMC9zdmciPjwvc3ZnPg==\" style=\"--smush-placeholder-width: 600px; --smush-placeholder-aspect-ratio: 600\/400;\" \/><\/h2>\n<p>Als eerste aanspreekpunt begeleiden onze casemanagers u v\u00f3\u00f3r, tijdens en na de maagverkleinende operatie. Casemanagers Myrthe van de Voort en Aniek Dams vertellen over hun rol binnen het traject van een maagverkleining:<\/p>\n<p><a class=\"button-primary\" href=\"https:\/\/www.mmc.nl\/obesitascentrum\/casemanager\/\">Onze casemanagers van het obesitascentrum<\/a><\/p>\n<h2>Obesitaschirurg<\/h2>\n<p>Binnen het obesitascentrum werken chirurgen met veel ervaring op het gebied van maagverkleinende operaties:<\/p>\n\n\t\t<div class=\"specialist-block-list\">\n\n            \n\t\t\t\t<div class=\"specialist-block\">\n                    \t\t\t\t\t\t<div class=\"specialist-image\">\n\t\t\t\t\t\t\t<img decoding=\"async\" data-src=\"https:\/\/www.mmc.nl\/wp-content\/uploads\/2017\/06\/francois-van-dielen-100x150.jpg\" alt=\"Dielen, dhr. dr. F.M.H. van\" src=\"data:image\/svg+xml;base64,PHN2ZyB3aWR0aD0iMSIgaGVpZ2h0PSIxIiB4bWxucz0iaHR0cDovL3d3dy53My5vcmcvMjAwMC9zdmciPjwvc3ZnPg==\" class=\"lazyload\" style=\"--smush-placeholder-width: 100px; --smush-placeholder-aspect-ratio: 100\/150;\">\n\t\t\t\t\t\t<\/div>\n                    \t\t\t\t\t<div class=\"specialist-content-holder\">\n\t\t\t\t\t\t<div class=\"content-wrapper\">\n\n\t\t\t\t\t\t\t<div class=\"specialist-content\">\n\t\t\t\t\t\t\t\t<a href=\"https:\/\/www.mmc.nl\/specialisten\/dielen-dr-f-m-h\">\n\t\t\t\t\t\t\t\t\t<h1 translate=\"no\" class=\"h4\">Dielen, dhr. dr. F.M.H. van<\/h1>\n\t\t\t\t\t\t\t\t<\/a>\n\t\t\t\t\t\t\t\t<ul class=\"list-unstyled\">\n\t\t\t\t\t\t\t\t\t<li>\n\t\t\t\t\t\t\t\t\t\t<span class=\"dt\">Functie<\/span>\n\t\t\t\t\t\t\t\t\t\t<span class=\"dd\">chirurg<\/span>\n\t\t\t\t\t\t\t\t\t<\/li>\n\t\t\t\t\t\t\t\t\t<li>\n\t\t\t\t\t\t\t\t\t\t<span class=\"dt\">Contact<\/span>\n\t\t\t\t\t\t\t\t\t\t<span class=\"dd\">\n\t\t\t                                <a href=\"tel:+31408888550\">040 888 85 50<\/a>\n\t\t                                <\/span>\n\t\t\t\t\t\t\t\t\t<\/li>\n\t\t\t\t\t\t\t\t\t<li>\n\t\t\t\t\t\t\t\t\t\t<span class=\"dt\">Aandachtsgebieden<\/span>\n\t\t\t\t\t\t\t\t\t\t<span class=\"dd\">bariatrie (obesitas), darmchirurgie, proctologie en galblaaschirurgie<\/span>\n\t\t\t\t\t\t\t\t\t<\/li>\n\t\t\t\t\t\t\t\t<\/ul>\n\t\t\t\t\t\t\t<\/div>\n\n\t\t\t\t\t\t<\/div>\n\t\t\t\t\t<\/div>\n\t\t\t\t<\/div>\n\n            \n\t\t\t\t<div class=\"specialist-block\">\n                    \t\t\t\t\t\t<div class=\"specialist-image\">\n\t\t\t\t\t\t\t<img decoding=\"async\" data-src=\"https:\/\/www.mmc.nl\/wp-content\/uploads\/2017\/06\/wouter-leclercq-100x150.jpg\" alt=\"Leclercq, dhr. W.K.G.\" src=\"data:image\/svg+xml;base64,PHN2ZyB3aWR0aD0iMSIgaGVpZ2h0PSIxIiB4bWxucz0iaHR0cDovL3d3dy53My5vcmcvMjAwMC9zdmciPjwvc3ZnPg==\" class=\"lazyload\" style=\"--smush-placeholder-width: 100px; --smush-placeholder-aspect-ratio: 100\/150;\">\n\t\t\t\t\t\t<\/div>\n                    \t\t\t\t\t<div class=\"specialist-content-holder\">\n\t\t\t\t\t\t<div class=\"content-wrapper\">\n\n\t\t\t\t\t\t\t<div class=\"specialist-content\">\n\t\t\t\t\t\t\t\t<a href=\"https:\/\/www.mmc.nl\/specialisten\/leclercq-w-k-g\">\n\t\t\t\t\t\t\t\t\t<h1 translate=\"no\" class=\"h4\">Leclercq, dhr. W.K.G.<\/h1>\n\t\t\t\t\t\t\t\t<\/a>\n\t\t\t\t\t\t\t\t<ul class=\"list-unstyled\">\n\t\t\t\t\t\t\t\t\t<li>\n\t\t\t\t\t\t\t\t\t\t<span class=\"dt\">Functie<\/span>\n\t\t\t\t\t\t\t\t\t\t<span class=\"dd\">chirurg<\/span>\n\t\t\t\t\t\t\t\t\t<\/li>\n\t\t\t\t\t\t\t\t\t<li>\n\t\t\t\t\t\t\t\t\t\t<span class=\"dt\">Contact<\/span>\n\t\t\t\t\t\t\t\t\t\t<span class=\"dd\">\n\t\t\t                                <a href=\"tel:+310408888550\">(040) 888 85 50<\/a>\n\t\t                                <\/span>\n\t\t\t\t\t\t\t\t\t<\/li>\n\t\t\t\t\t\t\t\t\t<li>\n\t\t\t\t\t\t\t\t\t\t<span class=\"dt\">Aandachtsgebieden<\/span>\n\t\t\t\t\t\t\t\t\t\t<span class=\"dd\">gastrointestinale en oncologische chirurgie, bariatrie (obesitas)<\/span>\n\t\t\t\t\t\t\t\t\t<\/li>\n\t\t\t\t\t\t\t\t<\/ul>\n\t\t\t\t\t\t\t<\/div>\n\n\t\t\t\t\t\t<\/div>\n\t\t\t\t\t<\/div>\n\t\t\t\t<\/div>\n\n            \n\t\t\t\t<div class=\"specialist-block\">\n                    \t\t\t\t\t\t<div class=\"specialist-image\">\n\t\t\t\t\t\t\t<img decoding=\"async\" data-src=\"https:\/\/www.mmc.nl\/wp-content\/uploads\/2017\/06\/arjan-luijten-100x150.jpg\" alt=\"Luijten, dhr. A.A.P.M.\" src=\"data:image\/svg+xml;base64,PHN2ZyB3aWR0aD0iMSIgaGVpZ2h0PSIxIiB4bWxucz0iaHR0cDovL3d3dy53My5vcmcvMjAwMC9zdmciPjwvc3ZnPg==\" class=\"lazyload\" style=\"--smush-placeholder-width: 100px; --smush-placeholder-aspect-ratio: 100\/150;\">\n\t\t\t\t\t\t<\/div>\n                    \t\t\t\t\t<div class=\"specialist-content-holder\">\n\t\t\t\t\t\t<div class=\"content-wrapper\">\n\n\t\t\t\t\t\t\t<div class=\"specialist-content\">\n\t\t\t\t\t\t\t\t<a href=\"https:\/\/www.mmc.nl\/specialisten\/luijten-a-a-p-m\">\n\t\t\t\t\t\t\t\t\t<h1 translate=\"no\" class=\"h4\">Luijten, dhr. A.A.P.M.<\/h1>\n\t\t\t\t\t\t\t\t<\/a>\n\t\t\t\t\t\t\t\t<ul class=\"list-unstyled\">\n\t\t\t\t\t\t\t\t\t<li>\n\t\t\t\t\t\t\t\t\t\t<span class=\"dt\">Functie<\/span>\n\t\t\t\t\t\t\t\t\t\t<span class=\"dd\">chirurg<\/span>\n\t\t\t\t\t\t\t\t\t<\/li>\n\t\t\t\t\t\t\t\t\t<li>\n\t\t\t\t\t\t\t\t\t\t<span class=\"dt\">Contact<\/span>\n\t\t\t\t\t\t\t\t\t\t<span class=\"dd\">\n\t\t\t                                <a href=\"tel:+310408888550\">(040) 888 85 50<\/a>\n\t\t                                <\/span>\n\t\t\t\t\t\t\t\t\t<\/li>\n\t\t\t\t\t\t\t\t\t<li>\n\t\t\t\t\t\t\t\t\t\t<span class=\"dt\">Aandachtsgebieden<\/span>\n\t\t\t\t\t\t\t\t\t\t<span class=\"dd\">bariatrie (obesitas), endometriose, buikwandchirurgie, goedaardige maagdarmziekten<\/span>\n\t\t\t\t\t\t\t\t\t<\/li>\n\t\t\t\t\t\t\t\t<\/ul>\n\t\t\t\t\t\t\t<\/div>\n\n\t\t\t\t\t\t<\/div>\n\t\t\t\t\t<\/div>\n\t\t\t\t<\/div>\n\n            \n\t\t<\/div>\n\n    \n<h2>Fysiotherapeut<\/h2>\n<p>In M\u00e1xima MC krijgt u begeleiding van een fysiotherapeut. Het beweegprogramma van de fysiotherapie is er om u te helpen uw bewegingspatroon te veranderen. Samen kijken we hoe u in de eigen omgeving het beste de beweging kunt oppakken en volhouden. Fysiotherapeut Rob Schepers vertelt over zijn rol in het behandeltraject van een maagverkleining:<\/p>\n<p><a class=\"button-primary\" href=\"https:\/\/www.mmc.nl\/obesitascentrum\/fysiotherapeut\/\">Lees het verhaal van de fysiotherapeut<\/a><\/p>\n<h2>Di\u00ebtist<\/h2>\n<p>De <a href=\"https:\/\/www.mmc.nl\/obesitascentrum\/dietist\/\">di\u00ebtist<\/a> geeft u zowel v\u00f3\u00f3r als na de operatie adviezen over de voeding.<\/p>\n<h2>Psycholoog<\/h2>\n<p>De medisch psycholoog kijkt mee of de maagverkleining een behandeling is die op dit moment bij u past. Daarnaast kunt u bij de psycholoog terecht als u na de operatie merkt dat u emotionele problemen heeft of moeite ervaart met het aanpassen van uw (eet)gedrag.<\/p>\n<p>Daarnaast wordt er nauw samengewerkt met artsen van andere specialismen, zoals de longarts in het geval van <a href=\"https:\/\/www.mmc.nl\/slaapcentrum\/slaapapneu\/\">slaapapneu<\/a>, de internist in het geval van <a href=\"https:\/\/www.mmc.nl\/internegeneeskunde\/aandoening-en-behandeling\/diabetes\/\">diabetes<\/a> en de plastisch chirurg bij <a href=\"https:\/\/www.mmc.nl\/plastischechirurgie\/aandoening-en-behandeling\/buikwandcorrectie\/\">overtollige huid<\/a>.<\/p>\n<p><img decoding=\"async\" class=\"alignnone wp-image-3707 lazyload\" data-src=\"https:\/\/www.mmc.nl\/obesitascentrum\/wp-content\/uploads\/sites\/28\/2022\/08\/Teamfoto-obesitascentrum-maagverkleining_verkleind.jpg\" alt=\"Team obesitascentrum Eindhoven bij maagverkleining\" width=\"1040\" height=\"693\" data-srcset=\"https:\/\/www.mmc.nl\/obesitascentrum\/wp-content\/uploads\/sites\/28\/2022\/08\/Teamfoto-obesitascentrum-maagverkleining_verkleind.jpg 1152w, https:\/\/www.mmc.nl\/obesitascentrum\/wp-content\/uploads\/sites\/28\/2022\/08\/Teamfoto-obesitascentrum-maagverkleining_verkleind-300x200.jpg 300w, https:\/\/www.mmc.nl\/obesitascentrum\/wp-content\/uploads\/sites\/28\/2022\/08\/Teamfoto-obesitascentrum-maagverkleining_verkleind-1024x683.jpg 1024w, https:\/\/www.mmc.nl\/obesitascentrum\/wp-content\/uploads\/sites\/28\/2022\/08\/Teamfoto-obesitascentrum-maagverkleining_verkleind-768x512.jpg 768w, https:\/\/www.mmc.nl\/obesitascentrum\/wp-content\/uploads\/sites\/28\/2022\/08\/Teamfoto-obesitascentrum-maagverkleining_verkleind-150x100.jpg 150w\" data-sizes=\"(max-width: 1040px) 100vw, 1040px\" src=\"data:image\/svg+xml;base64,PHN2ZyB3aWR0aD0iMSIgaGVpZ2h0PSIxIiB4bWxucz0iaHR0cDovL3d3dy53My5vcmcvMjAwMC9zdmciPjwvc3ZnPg==\" style=\"--smush-placeholder-width: 1040px; --smush-placeholder-aspect-ratio: 1040\/693;\" \/><em>Team obesitascentrum Eindhoven\/Veldhoven<\/em><\/p>\n","protected":false},"excerpt":{"rendered":"<p>In het obesitascentrum van M\u00e1xima MC in Eindhoven\/Veldhoven werkt een toegewijd team van deskundigen dat v\u00f3\u00f3r, tijdens, maar vooral na de operatie klaarstaat om u te begeleiden naar een gezonde leefstijl. Het team bestaat uit een chirurg, fysiotherapeut, psycholoog, di\u00ebtist en casemanager: Casemanager Als eerste aanspreekpunt begeleiden onze casemanagers u v\u00f3\u00f3r, tijdens en na de [&hellip;]<\/p>\n","protected":false},"author":1,"featured_media":1,"parent":0,"menu_order":0,"comment_status":"closed","ping_status":"closed","template":"","meta":{"_acf_changed":false,"ep_exclude_from_search":false,"footnotes":""},"tags":[813,811,812],"class_list":["post-331","page","type-page","status-publish","has-post-thumbnail","hentry","tag-behandelaar-obesitas","tag-behandelteam-obesitas","tag-zorgprofessionals-obesitas"],"acf":[],"yoast_head":"<!-- This site is optimized with the Yoast SEO Premium plugin v27.1 (Yoast SEO v27.1.1) - https:\/\/yoast.com\/product\/yoast-seo-premium-wordpress\/ -->\n<title>Het behandelteam - Obesitascentrum - M\u00e1xima MC<\/title>\n<meta name=\"description\" content=\"Het behandelteam van het obesitascentrum van M\u00e1xima MC begeleidt u bij het afvallen en het aannemen van een gezonde leefstijl. Naast de chirurg zijn ook een casemanager, fysiotherapeut, di\u00ebtist en psycholoog nauw betrokken bij het behandeltraject.\" \/>\n<meta name=\"robots\" content=\"index, follow, max-snippet:-1, max-image-preview:large, max-video-preview:-1\" \/>\n<link rel=\"canonical\" href=\"https:\/\/www.mmc.nl\/obesitascentrum\/behandelteam\/\" \/>\n<meta property=\"og:locale\" content=\"nl_NL\" \/>\n<meta property=\"og:type\" content=\"article\" \/>\n<meta property=\"og:title\" content=\"Het behandelteam\" \/>\n<meta property=\"og:description\" content=\"Het behandelteam van het obesitascentrum van M\u00e1xima MC begeleidt u bij het afvallen en het aannemen van een gezonde leefstijl. Naast de chirurg zijn ook een casemanager, fysiotherapeut, di\u00ebtist en psycholoog nauw betrokken bij het behandeltraject.\" \/>\n<meta property=\"og:url\" content=\"https:\/\/www.mmc.nl\/obesitascentrum\/behandelteam\/\" \/>\n<meta property=\"og:site_name\" content=\"Obesitascentrum\" \/>\n<meta property=\"article:modified_time\" content=\"2022-10-10T12:45:37+00:00\" \/>\n<meta name=\"twitter:card\" content=\"summary_large_image\" \/>\n<meta name=\"twitter:label1\" content=\"Geschatte leestijd\" \/>\n\t<meta name=\"twitter:data1\" content=\"2 minuten\" \/>\n<script type=\"application\/ld+json\" class=\"yoast-schema-graph\">{\"@context\":\"https:\/\/schema.org\",\"@graph\":[{\"@type\":\"WebPage\",\"@id\":\"https:\/\/www.mmc.nl\/obesitascentrum\/behandelteam\/\",\"url\":\"https:\/\/www.mmc.nl\/obesitascentrum\/behandelteam\/\",\"name\":\"Het behandelteam - Obesitascentrum - M\u00e1xima MC\",\"isPartOf\":{\"@id\":\"https:\/\/www.mmc.nl\/obesitascentrum\/#website\"},\"primaryImageOfPage\":{\"@id\":\"https:\/\/www.mmc.nl\/obesitascentrum\/behandelteam\/#primaryimage\"},\"image\":{\"@id\":\"https:\/\/www.mmc.nl\/obesitascentrum\/behandelteam\/#primaryimage\"},\"thumbnailUrl\":\"\",\"datePublished\":\"2017-07-12T12:11:29+00:00\",\"dateModified\":\"2022-10-10T12:45:37+00:00\",\"description\":\"Het behandelteam van het obesitascentrum van M\u00e1xima MC begeleidt u bij het afvallen en het aannemen van een gezonde leefstijl. Naast de chirurg zijn ook een casemanager, fysiotherapeut, di\u00ebtist en psycholoog nauw betrokken bij het behandeltraject.\",\"breadcrumb\":{\"@id\":\"https:\/\/www.mmc.nl\/obesitascentrum\/behandelteam\/#breadcrumb\"},\"inLanguage\":\"nl-NL\",\"potentialAction\":[{\"@type\":\"ReadAction\",\"target\":[\"https:\/\/www.mmc.nl\/obesitascentrum\/behandelteam\/\"]}]},{\"@type\":\"ImageObject\",\"inLanguage\":\"nl-NL\",\"@id\":\"https:\/\/www.mmc.nl\/obesitascentrum\/behandelteam\/#primaryimage\",\"url\":\"\",\"contentUrl\":\"\"},{\"@type\":\"BreadcrumbList\",\"@id\":\"https:\/\/www.mmc.nl\/obesitascentrum\/behandelteam\/#breadcrumb\",\"itemListElement\":[{\"@type\":\"ListItem\",\"position\":1,\"name\":\"Obesitascentrum\",\"item\":\"https:\/\/www.mmc.nl\/obesitascentrum\/\"},{\"@type\":\"ListItem\",\"position\":2,\"name\":\"Het behandelteam\"}]},{\"@type\":\"WebSite\",\"@id\":\"https:\/\/www.mmc.nl\/obesitascentrum\/#website\",\"url\":\"https:\/\/www.mmc.nl\/obesitascentrum\/\",\"name\":\"Obesitascentrum\",\"description\":\"\",\"potentialAction\":[{\"@type\":\"SearchAction\",\"target\":{\"@type\":\"EntryPoint\",\"urlTemplate\":\"https:\/\/www.mmc.nl\/obesitascentrum\/?s={search_term_string}\"},\"query-input\":{\"@type\":\"PropertyValueSpecification\",\"valueRequired\":true,\"valueName\":\"search_term_string\"}}],\"inLanguage\":\"nl-NL\"}]}<\/script>\n<!-- \/ Yoast SEO Premium plugin. -->","yoast_head_json":{"title":"Het behandelteam - Obesitascentrum - M\u00e1xima MC","description":"Het behandelteam van het obesitascentrum van M\u00e1xima MC begeleidt u bij het afvallen en het aannemen van een gezonde leefstijl. Naast de chirurg zijn ook een casemanager, fysiotherapeut, di\u00ebtist en psycholoog nauw betrokken bij het behandeltraject.","robots":{"index":"index","follow":"follow","max-snippet":"max-snippet:-1","max-image-preview":"max-image-preview:large","max-video-preview":"max-video-preview:-1"},"canonical":"https:\/\/www.mmc.nl\/obesitascentrum\/behandelteam\/","og_locale":"nl_NL","og_type":"article","og_title":"Het behandelteam","og_description":"Het behandelteam van het obesitascentrum van M\u00e1xima MC begeleidt u bij het afvallen en het aannemen van een gezonde leefstijl. Naast de chirurg zijn ook een casemanager, fysiotherapeut, di\u00ebtist en psycholoog nauw betrokken bij het behandeltraject.","og_url":"https:\/\/www.mmc.nl\/obesitascentrum\/behandelteam\/","og_site_name":"Obesitascentrum","article_modified_time":"2022-10-10T12:45:37+00:00","twitter_card":"summary_large_image","twitter_misc":{"Geschatte leestijd":"2 minuten"},"schema":{"@context":"https:\/\/schema.org","@graph":[{"@type":"WebPage","@id":"https:\/\/www.mmc.nl\/obesitascentrum\/behandelteam\/","url":"https:\/\/www.mmc.nl\/obesitascentrum\/behandelteam\/","name":"Het behandelteam - Obesitascentrum - M\u00e1xima MC","isPartOf":{"@id":"https:\/\/www.mmc.nl\/obesitascentrum\/#website"},"primaryImageOfPage":{"@id":"https:\/\/www.mmc.nl\/obesitascentrum\/behandelteam\/#primaryimage"},"image":{"@id":"https:\/\/www.mmc.nl\/obesitascentrum\/behandelteam\/#primaryimage"},"thumbnailUrl":"","datePublished":"2017-07-12T12:11:29+00:00","dateModified":"2022-10-10T12:45:37+00:00","description":"Het behandelteam van het obesitascentrum van M\u00e1xima MC begeleidt u bij het afvallen en het aannemen van een gezonde leefstijl. Naast de chirurg zijn ook een casemanager, fysiotherapeut, di\u00ebtist en psycholoog nauw betrokken bij het behandeltraject.","breadcrumb":{"@id":"https:\/\/www.mmc.nl\/obesitascentrum\/behandelteam\/#breadcrumb"},"inLanguage":"nl-NL","potentialAction":[{"@type":"ReadAction","target":["https:\/\/www.mmc.nl\/obesitascentrum\/behandelteam\/"]}]},{"@type":"ImageObject","inLanguage":"nl-NL","@id":"https:\/\/www.mmc.nl\/obesitascentrum\/behandelteam\/#primaryimage","url":"","contentUrl":""},{"@type":"BreadcrumbList","@id":"https:\/\/www.mmc.nl\/obesitascentrum\/behandelteam\/#breadcrumb","itemListElement":[{"@type":"ListItem","position":1,"name":"Obesitascentrum","item":"https:\/\/www.mmc.nl\/obesitascentrum\/"},{"@type":"ListItem","position":2,"name":"Het behandelteam"}]},{"@type":"WebSite","@id":"https:\/\/www.mmc.nl\/obesitascentrum\/#website","url":"https:\/\/www.mmc.nl\/obesitascentrum\/","name":"Obesitascentrum","description":"","potentialAction":[{"@type":"SearchAction","target":{"@type":"EntryPoint","urlTemplate":"https:\/\/www.mmc.nl\/obesitascentrum\/?s={search_term_string}"},"query-input":{"@type":"PropertyValueSpecification","valueRequired":true,"valueName":"search_term_string"}}],"inLanguage":"nl-NL"}]}},"_links":{"self":[{"href":"https:\/\/www.mmc.nl\/obesitascentrum\/wp-json\/wp\/v2\/pages\/331","targetHints":{"allow":["GET"]}}],"collection":[{"href":"https:\/\/www.mmc.nl\/obesitascentrum\/wp-json\/wp\/v2\/pages"}],"about":[{"href":"https:\/\/www.mmc.nl\/obesitascentrum\/wp-json\/wp\/v2\/types\/page"}],"author":[{"embeddable":true,"href":"https:\/\/www.mmc.nl\/obesitascentrum\/wp-json\/wp\/v2\/users\/1"}],"replies":[{"embeddable":true,"href":"https:\/\/www.mmc.nl\/obesitascentrum\/wp-json\/wp\/v2\/comments?post=331"}],"version-history":[{"count":33,"href":"https:\/\/www.mmc.nl\/obesitascentrum\/wp-json\/wp\/v2\/pages\/331\/revisions"}],"predecessor-version":[{"id":3905,"href":"https:\/\/www.mmc.nl\/obesitascentrum\/wp-json\/wp\/v2\/pages\/331\/revisions\/3905"}],"wp:featuredmedia":[{"embeddable":true,"href":"https:\/\/www.mmc.nl\/obesitascentrum\/wp-json\/"}],"wp:attachment":[{"href":"https:\/\/www.mmc.nl\/obesitascentrum\/wp-json\/wp\/v2\/media?parent=331"}],"wp:term":[{"taxonomy":"post_tag","embeddable":true,"href":"https:\/\/www.mmc.nl\/obesitascentrum\/wp-json\/wp\/v2\/tags?post=331"}],"curies":[{"name":"wp","href":"https:\/\/api.w.org\/{rel}","templated":true}]}}