{"id":3758,"date":"2020-04-14T10:37:36","date_gmt":"2020-04-14T08:37:36","guid":{"rendered":"https:\/\/www.mmc.nl\/oncologie\/?page_id=3758"},"modified":"2025-02-11T16:26:12","modified_gmt":"2025-02-11T15:26:12","slug":"ervaringen","status":"publish","type":"page","link":"https:\/\/www.mmc.nl\/oncologie\/ervaringen\/","title":{"rendered":"Ervaringen"},"content":{"rendered":"","protected":false},"excerpt":{"rendered":"","protected":false},"author":3,"featured_media":1,"parent":0,"menu_order":0,"comment_status":"closed","ping_status":"closed","template":"post-type-overview.php","meta":{"_acf_changed":false,"ep_exclude_from_search":false,"footnotes":""},"tags":[7034],"class_list":["post-3758","page","type-page","status-publish","has-post-thumbnail","hentry","tag-ervaringen-kanker"],"acf":[],"yoast_head":"<!-- This site is optimized with the Yoast SEO Premium plugin v27.3 (Yoast SEO v27.3) - https:\/\/yoast.com\/product\/yoast-seo-premium-wordpress\/ -->\n<title>Ervaringen - M\u00e1xima Oncologisch Centrum - M\u00e1xima MC<\/title>\n<meta name=\"description\" content=\"Hoe verloopt een oncologisch behandeltraject in M\u00e1xima MC? En hoe beleven onzes pati\u00ebnten dit? Op deze pagina vindt u hun ervaring.\" \/>\n<meta name=\"robots\" content=\"index, follow, max-snippet:-1, max-image-preview:large, max-video-preview:-1\" \/>\n<link rel=\"canonical\" href=\"https:\/\/www.mmc.nl\/oncologie\/ervaringen\/\" \/>\n<meta property=\"og:locale\" content=\"nl_NL\" \/>\n<meta property=\"og:type\" content=\"article\" \/>\n<meta property=\"og:title\" content=\"Ervaringen\" \/>\n<meta property=\"og:description\" content=\"Hoe verloopt een oncologisch behandeltraject in M\u00e1xima MC? En hoe beleven onzes pati\u00ebnten dit? Op deze pagina vindt u hun ervaring.\" \/>\n<meta property=\"og:url\" content=\"https:\/\/www.mmc.nl\/oncologie\/ervaringen\/\" \/>\n<meta property=\"og:site_name\" content=\"M\u00e1xima Oncologisch Centrum\" \/>\n<meta property=\"article:modified_time\" content=\"2025-02-11T15:26:12+00:00\" \/>\n<meta name=\"twitter:card\" content=\"summary_large_image\" \/>\n<script type=\"application\/ld+json\" class=\"yoast-schema-graph\">{\"@context\":\"https:\\\/\\\/schema.org\",\"@graph\":[{\"@type\":\"WebPage\",\"@id\":\"https:\\\/\\\/www.mmc.nl\\\/oncologie\\\/ervaringen\\\/\",\"url\":\"https:\\\/\\\/www.mmc.nl\\\/oncologie\\\/ervaringen\\\/\",\"name\":\"Ervaringen - M\u00e1xima Oncologisch Centrum - M\u00e1xima MC\",\"isPartOf\":{\"@id\":\"https:\\\/\\\/www.mmc.nl\\\/oncologie\\\/#website\"},\"primaryImageOfPage\":{\"@id\":\"https:\\\/\\\/www.mmc.nl\\\/oncologie\\\/ervaringen\\\/#primaryimage\"},\"image\":{\"@id\":\"https:\\\/\\\/www.mmc.nl\\\/oncologie\\\/ervaringen\\\/#primaryimage\"},\"thumbnailUrl\":\"\",\"datePublished\":\"2020-04-14T08:37:36+00:00\",\"dateModified\":\"2025-02-11T15:26:12+00:00\",\"description\":\"Hoe verloopt een oncologisch behandeltraject in M\u00e1xima MC? En hoe beleven onzes pati\u00ebnten dit? Op deze pagina vindt u hun ervaring.\",\"breadcrumb\":{\"@id\":\"https:\\\/\\\/www.mmc.nl\\\/oncologie\\\/ervaringen\\\/#breadcrumb\"},\"inLanguage\":\"nl-NL\",\"potentialAction\":[{\"@type\":\"ReadAction\",\"target\":[\"https:\\\/\\\/www.mmc.nl\\\/oncologie\\\/ervaringen\\\/\"]}]},{\"@type\":\"ImageObject\",\"inLanguage\":\"nl-NL\",\"@id\":\"https:\\\/\\\/www.mmc.nl\\\/oncologie\\\/ervaringen\\\/#primaryimage\",\"url\":\"\",\"contentUrl\":\"\"},{\"@type\":\"BreadcrumbList\",\"@id\":\"https:\\\/\\\/www.mmc.nl\\\/oncologie\\\/ervaringen\\\/#breadcrumb\",\"itemListElement\":[{\"@type\":\"ListItem\",\"position\":1,\"name\":\"M\u00e1xima Oncologisch Centrum\",\"item\":\"https:\\\/\\\/www.mmc.nl\\\/oncologie\\\/\"},{\"@type\":\"ListItem\",\"position\":2,\"name\":\"Ervaringen\"}]},{\"@type\":\"WebSite\",\"@id\":\"https:\\\/\\\/www.mmc.nl\\\/oncologie\\\/#website\",\"url\":\"https:\\\/\\\/www.mmc.nl\\\/oncologie\\\/\",\"name\":\"M\u00e1xima Oncologisch Centrum\",\"description\":\"\",\"potentialAction\":[{\"@type\":\"SearchAction\",\"target\":{\"@type\":\"EntryPoint\",\"urlTemplate\":\"https:\\\/\\\/www.mmc.nl\\\/oncologie\\\/?s={search_term_string}\"},\"query-input\":{\"@type\":\"PropertyValueSpecification\",\"valueRequired\":true,\"valueName\":\"search_term_string\"}}],\"inLanguage\":\"nl-NL\"}]}<\/script>\n<!-- \/ Yoast SEO Premium plugin. -->","yoast_head_json":{"title":"Ervaringen - M\u00e1xima Oncologisch Centrum - M\u00e1xima MC","description":"Hoe verloopt een oncologisch behandeltraject in M\u00e1xima MC? En hoe beleven onzes pati\u00ebnten dit? Op deze pagina vindt u hun ervaring.","robots":{"index":"index","follow":"follow","max-snippet":"max-snippet:-1","max-image-preview":"max-image-preview:large","max-video-preview":"max-video-preview:-1"},"canonical":"https:\/\/www.mmc.nl\/oncologie\/ervaringen\/","og_locale":"nl_NL","og_type":"article","og_title":"Ervaringen","og_description":"Hoe verloopt een oncologisch behandeltraject in M\u00e1xima MC? En hoe beleven onzes pati\u00ebnten dit? Op deze pagina vindt u hun ervaring.","og_url":"https:\/\/www.mmc.nl\/oncologie\/ervaringen\/","og_site_name":"M\u00e1xima Oncologisch Centrum","article_modified_time":"2025-02-11T15:26:12+00:00","twitter_card":"summary_large_image","schema":{"@context":"https:\/\/schema.org","@graph":[{"@type":"WebPage","@id":"https:\/\/www.mmc.nl\/oncologie\/ervaringen\/","url":"https:\/\/www.mmc.nl\/oncologie\/ervaringen\/","name":"Ervaringen - M\u00e1xima Oncologisch Centrum - M\u00e1xima MC","isPartOf":{"@id":"https:\/\/www.mmc.nl\/oncologie\/#website"},"primaryImageOfPage":{"@id":"https:\/\/www.mmc.nl\/oncologie\/ervaringen\/#primaryimage"},"image":{"@id":"https:\/\/www.mmc.nl\/oncologie\/ervaringen\/#primaryimage"},"thumbnailUrl":"","datePublished":"2020-04-14T08:37:36+00:00","dateModified":"2025-02-11T15:26:12+00:00","description":"Hoe verloopt een oncologisch behandeltraject in M\u00e1xima MC? En hoe beleven onzes pati\u00ebnten dit? Op deze pagina vindt u hun ervaring.","breadcrumb":{"@id":"https:\/\/www.mmc.nl\/oncologie\/ervaringen\/#breadcrumb"},"inLanguage":"nl-NL","potentialAction":[{"@type":"ReadAction","target":["https:\/\/www.mmc.nl\/oncologie\/ervaringen\/"]}]},{"@type":"ImageObject","inLanguage":"nl-NL","@id":"https:\/\/www.mmc.nl\/oncologie\/ervaringen\/#primaryimage","url":"","contentUrl":""},{"@type":"BreadcrumbList","@id":"https:\/\/www.mmc.nl\/oncologie\/ervaringen\/#breadcrumb","itemListElement":[{"@type":"ListItem","position":1,"name":"M\u00e1xima Oncologisch Centrum","item":"https:\/\/www.mmc.nl\/oncologie\/"},{"@type":"ListItem","position":2,"name":"Ervaringen"}]},{"@type":"WebSite","@id":"https:\/\/www.mmc.nl\/oncologie\/#website","url":"https:\/\/www.mmc.nl\/oncologie\/","name":"M\u00e1xima Oncologisch Centrum","description":"","potentialAction":[{"@type":"SearchAction","target":{"@type":"EntryPoint","urlTemplate":"https:\/\/www.mmc.nl\/oncologie\/?s={search_term_string}"},"query-input":{"@type":"PropertyValueSpecification","valueRequired":true,"valueName":"search_term_string"}}],"inLanguage":"nl-NL"}]}},"_links":{"self":[{"href":"https:\/\/www.mmc.nl\/oncologie\/wp-json\/wp\/v2\/pages\/3758","targetHints":{"allow":["GET"]}}],"collection":[{"href":"https:\/\/www.mmc.nl\/oncologie\/wp-json\/wp\/v2\/pages"}],"about":[{"href":"https:\/\/www.mmc.nl\/oncologie\/wp-json\/wp\/v2\/types\/page"}],"author":[{"embeddable":true,"href":"https:\/\/www.mmc.nl\/oncologie\/wp-json\/wp\/v2\/users\/3"}],"replies":[{"embeddable":true,"href":"https:\/\/www.mmc.nl\/oncologie\/wp-json\/wp\/v2\/comments?post=3758"}],"version-history":[{"count":40,"href":"https:\/\/www.mmc.nl\/oncologie\/wp-json\/wp\/v2\/pages\/3758\/revisions"}],"predecessor-version":[{"id":6887,"href":"https:\/\/www.mmc.nl\/oncologie\/wp-json\/wp\/v2\/pages\/3758\/revisions\/6887"}],"wp:featuredmedia":[{"embeddable":true,"href":"https:\/\/www.mmc.nl\/oncologie\/wp-json\/"}],"wp:attachment":[{"href":"https:\/\/www.mmc.nl\/oncologie\/wp-json\/wp\/v2\/media?parent=3758"}],"wp:term":[{"taxonomy":"post_tag","embeddable":true,"href":"https:\/\/www.mmc.nl\/oncologie\/wp-json\/wp\/v2\/tags?post=3758"}],"curies":[{"name":"wp","href":"https:\/\/api.w.org\/{rel}","templated":true}]}}