{"id":6380,"date":"2024-06-18T14:23:04","date_gmt":"2024-06-18T12:23:04","guid":{"rendered":"https:\/\/www.mmc.nl\/oncologie\/?page_id=6380"},"modified":"2024-07-31T16:11:21","modified_gmt":"2024-07-31T14:11:21","slug":"hemofiliebehandelcentrum","status":"publish","type":"page","link":"https:\/\/www.mmc.nl\/oncologie\/hemofiliebehandelcentrum\/","title":{"rendered":"Hemofiliebehandelcentrum"},"content":{"rendered":"<p><strong>Het hemofiliebehandelcentrum van M\u00e1xima MC is \u00e9\u00e9n van de zeven hemofiliebehandelcentra van Nederland. Ons team onderzoekt en behandelt kinderen en volwassenen met hemofilie, de <a href=\"\/internegeneeskunde\/aandoening-en-behandeling\/ziekte-von-willebrand\/\">ziekte van Von Willebrand<\/a>, <a href=\"\/internegeneeskunde\/aandoening-en-behandeling\/factor-v-deficientie\/\">factor V defici\u00ebntie<\/a>, <a href=\"\/internegeneeskunde\/aandoening-en-behandeling\/factor-vii-deficientie\/\">factor VII defici\u00ebntie<\/a>, <a href=\"\/internegeneeskunde\/aandoening-en-behandeling\/trombocytopathie\/\">trombocytopathie<\/a> en overige stollingsafwijkingen. Onze hemofiliezorg voldoet aan de landelijke kwaliteitsnormen en is <a href=\"\/internegeneeskunde\/keurmerken\/\">HKZ-gecertificeerd<\/a>.<br \/>\n<\/strong><\/p>\n<p>In het hemofiliebehandelcentrum is de zorg voor kinderen en volwassenen ge\u00efntegreerd. Volwassenen worden behandeld door een internist-hematoloog, kinderen door een kinderarts-hematoloog op de polikliniek kindergeneeskunde. U wordt tijdens uw behandeling begeleid door een gespecialiseerd verpleegkundig team. Uw familieleden worden zo nodig ook begeleid en behandeld.<\/p>\n","protected":false},"excerpt":{"rendered":"<p>Het hemofiliebehandelcentrum van M\u00e1xima MC is \u00e9\u00e9n van de zeven hemofiliebehandelcentra van Nederland. Ons team onderzoekt en behandelt kinderen en volwassenen met hemofilie, de ziekte van Von Willebrand, factor V defici\u00ebntie, factor VII defici\u00ebntie, trombocytopathie en overige stollingsafwijkingen. Onze hemofiliezorg voldoet aan de landelijke kwaliteitsnormen en is HKZ-gecertificeerd. In het hemofiliebehandelcentrum is de zorg voor [&hellip;]<\/p>\n","protected":false},"author":221,"featured_media":1,"parent":0,"menu_order":0,"comment_status":"closed","ping_status":"closed","template":"","meta":{"_acf_changed":false,"ep_exclude_from_search":false,"footnotes":""},"tags":[],"class_list":["post-6380","page","type-page","status-publish","has-post-thumbnail","hentry"],"acf":[],"yoast_head":"<!-- This site is optimized with the Yoast SEO Premium plugin v27.3 (Yoast SEO v27.3) - https:\/\/yoast.com\/product\/yoast-seo-premium-wordpress\/ -->\n<title>Hemofiliebehandelcentrum - M\u00e1xima Oncologisch Centrum<\/title>\n<meta name=\"robots\" content=\"index, follow, max-snippet:-1, max-image-preview:large, max-video-preview:-1\" \/>\n<link rel=\"canonical\" href=\"https:\/\/www.mmc.nl\/oncologie\/hemofiliebehandelcentrum\/\" \/>\n<meta property=\"og:locale\" content=\"nl_NL\" \/>\n<meta property=\"og:type\" content=\"article\" \/>\n<meta property=\"og:title\" content=\"Hemofiliebehandelcentrum\" \/>\n<meta property=\"og:description\" content=\"Het hemofiliebehandelcentrum van M\u00e1xima MC is \u00e9\u00e9n van de zeven hemofiliebehandelcentra van Nederland. Ons team onderzoekt en behandelt kinderen en volwassenen met hemofilie, de ziekte van Von Willebrand, factor V defici\u00ebntie, factor VII defici\u00ebntie, trombocytopathie en overige stollingsafwijkingen. Onze hemofiliezorg voldoet aan de landelijke kwaliteitsnormen en is HKZ-gecertificeerd. In het hemofiliebehandelcentrum is de zorg voor [&hellip;]\" \/>\n<meta property=\"og:url\" content=\"https:\/\/www.mmc.nl\/oncologie\/hemofiliebehandelcentrum\/\" \/>\n<meta property=\"og:site_name\" content=\"M\u00e1xima Oncologisch Centrum\" \/>\n<meta property=\"article:modified_time\" content=\"2024-07-31T14:11:21+00:00\" \/>\n<meta name=\"twitter:card\" content=\"summary_large_image\" \/>\n<meta name=\"twitter:label1\" content=\"Geschatte leestijd\" \/>\n\t<meta name=\"twitter:data1\" content=\"4 minuten\" \/>\n<script type=\"application\/ld+json\" class=\"yoast-schema-graph\">{\"@context\":\"https:\\\/\\\/schema.org\",\"@graph\":[{\"@type\":\"WebPage\",\"@id\":\"https:\\\/\\\/www.mmc.nl\\\/oncologie\\\/hemofiliebehandelcentrum\\\/\",\"url\":\"https:\\\/\\\/www.mmc.nl\\\/oncologie\\\/hemofiliebehandelcentrum\\\/\",\"name\":\"Hemofiliebehandelcentrum - M\u00e1xima Oncologisch Centrum\",\"isPartOf\":{\"@id\":\"https:\\\/\\\/www.mmc.nl\\\/oncologie\\\/#website\"},\"primaryImageOfPage\":{\"@id\":\"https:\\\/\\\/www.mmc.nl\\\/oncologie\\\/hemofiliebehandelcentrum\\\/#primaryimage\"},\"image\":{\"@id\":\"https:\\\/\\\/www.mmc.nl\\\/oncologie\\\/hemofiliebehandelcentrum\\\/#primaryimage\"},\"thumbnailUrl\":\"\",\"datePublished\":\"2024-06-18T12:23:04+00:00\",\"dateModified\":\"2024-07-31T14:11:21+00:00\",\"breadcrumb\":{\"@id\":\"https:\\\/\\\/www.mmc.nl\\\/oncologie\\\/hemofiliebehandelcentrum\\\/#breadcrumb\"},\"inLanguage\":\"nl-NL\",\"potentialAction\":[{\"@type\":\"ReadAction\",\"target\":[\"https:\\\/\\\/www.mmc.nl\\\/oncologie\\\/hemofiliebehandelcentrum\\\/\"]}]},{\"@type\":\"ImageObject\",\"inLanguage\":\"nl-NL\",\"@id\":\"https:\\\/\\\/www.mmc.nl\\\/oncologie\\\/hemofiliebehandelcentrum\\\/#primaryimage\",\"url\":\"\",\"contentUrl\":\"\"},{\"@type\":\"BreadcrumbList\",\"@id\":\"https:\\\/\\\/www.mmc.nl\\\/oncologie\\\/hemofiliebehandelcentrum\\\/#breadcrumb\",\"itemListElement\":[{\"@type\":\"ListItem\",\"position\":1,\"name\":\"M\u00e1xima Oncologisch Centrum\",\"item\":\"https:\\\/\\\/www.mmc.nl\\\/oncologie\\\/\"},{\"@type\":\"ListItem\",\"position\":2,\"name\":\"Hemofiliebehandelcentrum\"}]},{\"@type\":\"WebSite\",\"@id\":\"https:\\\/\\\/www.mmc.nl\\\/oncologie\\\/#website\",\"url\":\"https:\\\/\\\/www.mmc.nl\\\/oncologie\\\/\",\"name\":\"M\u00e1xima Oncologisch Centrum\",\"description\":\"\",\"potentialAction\":[{\"@type\":\"SearchAction\",\"target\":{\"@type\":\"EntryPoint\",\"urlTemplate\":\"https:\\\/\\\/www.mmc.nl\\\/oncologie\\\/?s={search_term_string}\"},\"query-input\":{\"@type\":\"PropertyValueSpecification\",\"valueRequired\":true,\"valueName\":\"search_term_string\"}}],\"inLanguage\":\"nl-NL\"}]}<\/script>\n<!-- \/ Yoast SEO Premium plugin. -->","yoast_head_json":{"title":"Hemofiliebehandelcentrum - M\u00e1xima Oncologisch Centrum","robots":{"index":"index","follow":"follow","max-snippet":"max-snippet:-1","max-image-preview":"max-image-preview:large","max-video-preview":"max-video-preview:-1"},"canonical":"https:\/\/www.mmc.nl\/oncologie\/hemofiliebehandelcentrum\/","og_locale":"nl_NL","og_type":"article","og_title":"Hemofiliebehandelcentrum","og_description":"Het hemofiliebehandelcentrum van M\u00e1xima MC is \u00e9\u00e9n van de zeven hemofiliebehandelcentra van Nederland. Ons team onderzoekt en behandelt kinderen en volwassenen met hemofilie, de ziekte van Von Willebrand, factor V defici\u00ebntie, factor VII defici\u00ebntie, trombocytopathie en overige stollingsafwijkingen. Onze hemofiliezorg voldoet aan de landelijke kwaliteitsnormen en is HKZ-gecertificeerd. In het hemofiliebehandelcentrum is de zorg voor [&hellip;]","og_url":"https:\/\/www.mmc.nl\/oncologie\/hemofiliebehandelcentrum\/","og_site_name":"M\u00e1xima Oncologisch Centrum","article_modified_time":"2024-07-31T14:11:21+00:00","twitter_card":"summary_large_image","twitter_misc":{"Geschatte leestijd":"4 minuten"},"schema":{"@context":"https:\/\/schema.org","@graph":[{"@type":"WebPage","@id":"https:\/\/www.mmc.nl\/oncologie\/hemofiliebehandelcentrum\/","url":"https:\/\/www.mmc.nl\/oncologie\/hemofiliebehandelcentrum\/","name":"Hemofiliebehandelcentrum - M\u00e1xima Oncologisch Centrum","isPartOf":{"@id":"https:\/\/www.mmc.nl\/oncologie\/#website"},"primaryImageOfPage":{"@id":"https:\/\/www.mmc.nl\/oncologie\/hemofiliebehandelcentrum\/#primaryimage"},"image":{"@id":"https:\/\/www.mmc.nl\/oncologie\/hemofiliebehandelcentrum\/#primaryimage"},"thumbnailUrl":"","datePublished":"2024-06-18T12:23:04+00:00","dateModified":"2024-07-31T14:11:21+00:00","breadcrumb":{"@id":"https:\/\/www.mmc.nl\/oncologie\/hemofiliebehandelcentrum\/#breadcrumb"},"inLanguage":"nl-NL","potentialAction":[{"@type":"ReadAction","target":["https:\/\/www.mmc.nl\/oncologie\/hemofiliebehandelcentrum\/"]}]},{"@type":"ImageObject","inLanguage":"nl-NL","@id":"https:\/\/www.mmc.nl\/oncologie\/hemofiliebehandelcentrum\/#primaryimage","url":"","contentUrl":""},{"@type":"BreadcrumbList","@id":"https:\/\/www.mmc.nl\/oncologie\/hemofiliebehandelcentrum\/#breadcrumb","itemListElement":[{"@type":"ListItem","position":1,"name":"M\u00e1xima Oncologisch Centrum","item":"https:\/\/www.mmc.nl\/oncologie\/"},{"@type":"ListItem","position":2,"name":"Hemofiliebehandelcentrum"}]},{"@type":"WebSite","@id":"https:\/\/www.mmc.nl\/oncologie\/#website","url":"https:\/\/www.mmc.nl\/oncologie\/","name":"M\u00e1xima Oncologisch Centrum","description":"","potentialAction":[{"@type":"SearchAction","target":{"@type":"EntryPoint","urlTemplate":"https:\/\/www.mmc.nl\/oncologie\/?s={search_term_string}"},"query-input":{"@type":"PropertyValueSpecification","valueRequired":true,"valueName":"search_term_string"}}],"inLanguage":"nl-NL"}]}},"_links":{"self":[{"href":"https:\/\/www.mmc.nl\/oncologie\/wp-json\/wp\/v2\/pages\/6380","targetHints":{"allow":["GET"]}}],"collection":[{"href":"https:\/\/www.mmc.nl\/oncologie\/wp-json\/wp\/v2\/pages"}],"about":[{"href":"https:\/\/www.mmc.nl\/oncologie\/wp-json\/wp\/v2\/types\/page"}],"author":[{"embeddable":true,"href":"https:\/\/www.mmc.nl\/oncologie\/wp-json\/wp\/v2\/users\/221"}],"replies":[{"embeddable":true,"href":"https:\/\/www.mmc.nl\/oncologie\/wp-json\/wp\/v2\/comments?post=6380"}],"version-history":[{"count":2,"href":"https:\/\/www.mmc.nl\/oncologie\/wp-json\/wp\/v2\/pages\/6380\/revisions"}],"predecessor-version":[{"id":6450,"href":"https:\/\/www.mmc.nl\/oncologie\/wp-json\/wp\/v2\/pages\/6380\/revisions\/6450"}],"wp:featuredmedia":[{"embeddable":true,"href":"https:\/\/www.mmc.nl\/oncologie\/wp-json\/"}],"wp:attachment":[{"href":"https:\/\/www.mmc.nl\/oncologie\/wp-json\/wp\/v2\/media?parent=6380"}],"wp:term":[{"taxonomy":"post_tag","embeddable":true,"href":"https:\/\/www.mmc.nl\/oncologie\/wp-json\/wp\/v2\/tags?post=6380"}],"curies":[{"name":"wp","href":"https:\/\/api.w.org\/{rel}","templated":true}]}}