{"id":357,"date":"2017-07-25T15:04:32","date_gmt":"2017-07-25T13:04:32","guid":{"rendered":"https:\/\/www.mmc.nl\/ouderengeneeskunde\/?page_id=357"},"modified":"2021-12-22T16:25:54","modified_gmt":"2021-12-22T15:25:54","slug":"over-ouderengeneeskunde","status":"publish","type":"page","link":"https:\/\/www.mmc.nl\/ouderengeneeskunde\/over-ouderengeneeskunde\/","title":{"rendered":"Over ouderengeneeskunde"},"content":{"rendered":"<p><strong>In het licht van de vergrijzing, waarin de regio Eindhoven vooroploopt, wordt uitgegaan van veilige en passende zorg voor kwetsbare, oudere pati\u00ebnten op alle afdelingen door alle zorgverleners. Het doel van M\u00e1xima MC is specialistische zorg voor de oudere pati\u00ebnt: oudere pati\u00ebnten worden in het hele ziekenhuis omringd met speciale zorg en aandacht. Dit gebeurt zowel tijdens een opname op een verpleegafdeling als op de polikliniek ouderengeneeskunde.<\/strong><\/p>\n<p>Bij het ouder worden vinden er veranderingen plaats op lichamelijk, geestelijk, functioneel en sociaal gebied. Dit kan sneller tot ziekten en stoornissen leiden. Bent u boven de zeventig jaar en heeft u meerdere aandoeningen\u00a0of beperkingen dan kunt u door uw huisarts of\u00a0 een andere specialist worden doorverwezen naar de <a href=\"\/ouderengeneeskunde\/polikliniek-opname\/\">polikliniek ouderengeneeskunde<\/a>.<\/p>\n<p>De combinatie van ouderdom, complexe zorg en de aanwezigheid van verschillende ziekten naast elkaar, maakt oudere pati\u00ebnten extra kwetsbaar. Veelvoorkomende problemen bij pati\u00ebnten van zeventig jaar of ouder:<\/p>\n<ul>\n<li>Het lopen verslechterd, waardoor risico op <a href=\"\/ouderengeneeskunde\/aandoening-en-behandeling\/mobiliteitsklachten\/\">vallen<\/a> ontstaat;<\/li>\n<li>Het <a href=\"\/ouderengeneeskunde\/aandoening-en-behandeling\/geheugenproblemen\/\">geheugen<\/a> kan achteruit gaan;<\/li>\n<li>Eenzaamheid of somberheid;<\/li>\n<li>Het hebben van <a href=\"\/ouderengeneeskunde\/aandoening-en-behandeling\/multimorbiditeit\/\">meerdere ziekten of klachten<\/a> tegelijkertijd;<\/li>\n<li>Onbegrepen achteruitgang en klachten.<\/li>\n<\/ul>\n<p><strong>Seniorvriendelijk Ziekenhuis<\/strong><br \/>\nAls ziekenhuis hebben we bijzondere aandacht voor deze omvangrijke doelgroep. MMC biedt veilige en passende zorg voor ouderen, door een optimale samenwerking van alle afdelingen en door alle zorgverleners. M\u00e1xima MC heeft als doel om oudere pati\u00ebnten in het hele ziekenhuis met speciale zorg en aandacht te omringen. Tijdens een opname borgt het <a href=\"https:\/\/www.mmc.nl\/ouderengeneeskunde\/geriatrieteam\/\">geriatrieteam <\/a>de zorg voor oudere pati\u00ebnten, ongeacht het specialisme waar zij mee te maken krijgen. Daarnaast heeft MMC op locatie Eindhoven een moderne polikliniek voor ouderengeneeskunde. Deze polikliniek is bedoeld voor mensen van boven de zeventig jaar die meerdere ziekten of beperkingen hebben waardoor ze in het functioneren worden beperkt. Op de polikliniek vindt onderzoek en behandeling plaats.<\/p>\n<p>Het geriatrieteam draagt naast zorg voor consulten ten aanzien van ouderenvraagstukken, zorg voor onderwijs voor artsen en verpleegkundigen, ontwikkelen en implementeren van richtlijnen en voorlichtingsmateriaal wat betreft kwetsbare ouderen.<\/p>\n<p><img decoding=\"async\" class=\"aligncenter wp-image-2126 lazyload\" data-src=\"https:\/\/www.mmc.nl\/ouderengeneeskunde\/wp-content\/uploads\/sites\/32\/2021\/12\/Geriatrie-Eindhoven1338-scaled.jpg\" alt=\"Geriatrie Eindhoven MMC\" width=\"300\" height=\"200\" data-srcset=\"https:\/\/www.mmc.nl\/ouderengeneeskunde\/wp-content\/uploads\/sites\/32\/2021\/12\/Geriatrie-Eindhoven1338-scaled.jpg 1400w, https:\/\/www.mmc.nl\/ouderengeneeskunde\/wp-content\/uploads\/sites\/32\/2021\/12\/Geriatrie-Eindhoven1338-300x200.jpg 300w, https:\/\/www.mmc.nl\/ouderengeneeskunde\/wp-content\/uploads\/sites\/32\/2021\/12\/Geriatrie-Eindhoven1338-1024x683.jpg 1024w, https:\/\/www.mmc.nl\/ouderengeneeskunde\/wp-content\/uploads\/sites\/32\/2021\/12\/Geriatrie-Eindhoven1338-768x512.jpg 768w, https:\/\/www.mmc.nl\/ouderengeneeskunde\/wp-content\/uploads\/sites\/32\/2021\/12\/Geriatrie-Eindhoven1338-1536x1024.jpg 1536w, https:\/\/www.mmc.nl\/ouderengeneeskunde\/wp-content\/uploads\/sites\/32\/2021\/12\/Geriatrie-Eindhoven1338-2048x1365.jpg 2048w, https:\/\/www.mmc.nl\/ouderengeneeskunde\/wp-content\/uploads\/sites\/32\/2021\/12\/Geriatrie-Eindhoven1338-150x100.jpg 150w\" data-sizes=\"(max-width: 300px) 100vw, 300px\" src=\"data:image\/svg+xml;base64,PHN2ZyB3aWR0aD0iMSIgaGVpZ2h0PSIxIiB4bWxucz0iaHR0cDovL3d3dy53My5vcmcvMjAwMC9zdmciPjwvc3ZnPg==\" style=\"--smush-placeholder-width: 300px; --smush-placeholder-aspect-ratio: 300\/200;\" \/><\/p>\n<p><strong>Geriatrieteam<\/strong><br \/>\nOp verschillende verpleegafdelingen zijn geriatrie verpleegkundigen werkzaam. Op alle verpleegafdelingen in het M\u00e1xima MC werken verpleegkundigen met aandachtsgebied ouderenzorg. De afdelingen worden ondersteund door het geriatrieteam, de consultatieve dienst voor de oudere pati\u00ebnten in MMC. Dit team bestaat uit een internist ouderengeneeskunde, klinisch geriater en geriatrieverpleegkundigen. <a href=\"https:\/\/www.mmc.nl\/ouderengeneeskunde\/specialisten\/\">Ontmoet hier onze specialisten<\/a> die werkzaam zijn binnen de ouderengeneeskunde.<\/p>\n<p><strong>Folders<br \/>\n<\/strong><a href=\"https:\/\/webshare.iprova.nl\/t25004jn9vryq9ss\/Document.aspx?websharedocumentid=27dae7b3-4fda-4277-bbbb-05e1652113a4\">Polikliniek ouderengeneeskunde<\/a><\/p>\n","protected":false},"excerpt":{"rendered":"<p>In het licht van de vergrijzing, waarin de regio Eindhoven vooroploopt, wordt uitgegaan van veilige en passende zorg voor kwetsbare, oudere pati\u00ebnten op alle afdelingen door alle zorgverleners. Het doel van M\u00e1xima MC is specialistische zorg voor de oudere pati\u00ebnt: oudere pati\u00ebnten worden in het hele ziekenhuis omringd met speciale zorg en aandacht. Dit gebeurt [&hellip;]<\/p>\n","protected":false},"author":1,"featured_media":1,"parent":0,"menu_order":0,"comment_status":"closed","ping_status":"closed","template":"page.php","meta":{"_acf_changed":false,"ep_exclude_from_search":false,"footnotes":""},"tags":[41,59,43,60],"class_list":["post-357","page","type-page","status-publish","has-post-thumbnail","hentry","tag-geriatrie","tag-ouderengeneeskunde","tag-ouderenzorg","tag-zorg-voor-ouderen"],"acf":[],"yoast_head":"<!-- This site is optimized with the Yoast SEO Premium plugin v27.3 (Yoast SEO v27.3) - https:\/\/yoast.com\/product\/yoast-seo-premium-wordpress\/ -->\n<title>Over ouderengeneeskunde \u2013 M\u00e1xima MC<\/title>\n<meta name=\"description\" content=\"Oudere pati\u00ebnten worden in MMC in het hele ziekenhuis met speciale zorg en aandacht behandeld. Dit gebeurt zowel tijdens een opname als op de polikliniek.\" \/>\n<meta name=\"robots\" content=\"index, follow, max-snippet:-1, max-image-preview:large, max-video-preview:-1\" \/>\n<link rel=\"canonical\" href=\"https:\/\/www.mmc.nl\/ouderengeneeskunde\/over-ouderengeneeskunde\/\" \/>\n<meta property=\"og:locale\" content=\"nl_NL\" \/>\n<meta property=\"og:type\" content=\"article\" \/>\n<meta property=\"og:title\" content=\"Over ouderengeneeskunde\" \/>\n<meta property=\"og:description\" content=\"Oudere pati\u00ebnten worden in MMC in het hele ziekenhuis met speciale zorg en aandacht behandeld. Dit gebeurt zowel tijdens een opname als op de polikliniek.\" \/>\n<meta property=\"og:url\" content=\"https:\/\/www.mmc.nl\/ouderengeneeskunde\/over-ouderengeneeskunde\/\" \/>\n<meta property=\"og:site_name\" content=\"Ouderengeneeskunde\" \/>\n<meta property=\"article:modified_time\" content=\"2021-12-22T15:25:54+00:00\" \/>\n<meta name=\"twitter:card\" content=\"summary_large_image\" \/>\n<meta name=\"twitter:label1\" content=\"Geschatte leestijd\" \/>\n\t<meta name=\"twitter:data1\" content=\"2 minuten\" \/>\n<script type=\"application\/ld+json\" class=\"yoast-schema-graph\">{\"@context\":\"https:\\\/\\\/schema.org\",\"@graph\":[{\"@type\":\"WebPage\",\"@id\":\"https:\\\/\\\/www.mmc.nl\\\/ouderengeneeskunde\\\/over-ouderengeneeskunde\\\/\",\"url\":\"https:\\\/\\\/www.mmc.nl\\\/ouderengeneeskunde\\\/over-ouderengeneeskunde\\\/\",\"name\":\"Over ouderengeneeskunde \u2013 M\u00e1xima MC\",\"isPartOf\":{\"@id\":\"https:\\\/\\\/www.mmc.nl\\\/ouderengeneeskunde\\\/#website\"},\"primaryImageOfPage\":{\"@id\":\"https:\\\/\\\/www.mmc.nl\\\/ouderengeneeskunde\\\/over-ouderengeneeskunde\\\/#primaryimage\"},\"image\":{\"@id\":\"https:\\\/\\\/www.mmc.nl\\\/ouderengeneeskunde\\\/over-ouderengeneeskunde\\\/#primaryimage\"},\"thumbnailUrl\":\"\",\"datePublished\":\"2017-07-25T13:04:32+00:00\",\"dateModified\":\"2021-12-22T15:25:54+00:00\",\"description\":\"Oudere pati\u00ebnten worden in MMC in het hele ziekenhuis met speciale zorg en aandacht behandeld. Dit gebeurt zowel tijdens een opname als op de polikliniek.\",\"breadcrumb\":{\"@id\":\"https:\\\/\\\/www.mmc.nl\\\/ouderengeneeskunde\\\/over-ouderengeneeskunde\\\/#breadcrumb\"},\"inLanguage\":\"nl-NL\",\"potentialAction\":[{\"@type\":\"ReadAction\",\"target\":[\"https:\\\/\\\/www.mmc.nl\\\/ouderengeneeskunde\\\/over-ouderengeneeskunde\\\/\"]}]},{\"@type\":\"ImageObject\",\"inLanguage\":\"nl-NL\",\"@id\":\"https:\\\/\\\/www.mmc.nl\\\/ouderengeneeskunde\\\/over-ouderengeneeskunde\\\/#primaryimage\",\"url\":\"\",\"contentUrl\":\"\"},{\"@type\":\"BreadcrumbList\",\"@id\":\"https:\\\/\\\/www.mmc.nl\\\/ouderengeneeskunde\\\/over-ouderengeneeskunde\\\/#breadcrumb\",\"itemListElement\":[{\"@type\":\"ListItem\",\"position\":1,\"name\":\"Ouderengeneeskunde\",\"item\":\"https:\\\/\\\/www.mmc.nl\\\/ouderengeneeskunde\\\/\"},{\"@type\":\"ListItem\",\"position\":2,\"name\":\"Over ouderengeneeskunde\"}]},{\"@type\":\"WebSite\",\"@id\":\"https:\\\/\\\/www.mmc.nl\\\/ouderengeneeskunde\\\/#website\",\"url\":\"https:\\\/\\\/www.mmc.nl\\\/ouderengeneeskunde\\\/\",\"name\":\"Ouderengeneeskunde\",\"description\":\"\",\"potentialAction\":[{\"@type\":\"SearchAction\",\"target\":{\"@type\":\"EntryPoint\",\"urlTemplate\":\"https:\\\/\\\/www.mmc.nl\\\/ouderengeneeskunde\\\/?s={search_term_string}\"},\"query-input\":{\"@type\":\"PropertyValueSpecification\",\"valueRequired\":true,\"valueName\":\"search_term_string\"}}],\"inLanguage\":\"nl-NL\"}]}<\/script>\n<!-- \/ Yoast SEO Premium plugin. -->","yoast_head_json":{"title":"Over ouderengeneeskunde \u2013 M\u00e1xima MC","description":"Oudere pati\u00ebnten worden in MMC in het hele ziekenhuis met speciale zorg en aandacht behandeld. Dit gebeurt zowel tijdens een opname als op de polikliniek.","robots":{"index":"index","follow":"follow","max-snippet":"max-snippet:-1","max-image-preview":"max-image-preview:large","max-video-preview":"max-video-preview:-1"},"canonical":"https:\/\/www.mmc.nl\/ouderengeneeskunde\/over-ouderengeneeskunde\/","og_locale":"nl_NL","og_type":"article","og_title":"Over ouderengeneeskunde","og_description":"Oudere pati\u00ebnten worden in MMC in het hele ziekenhuis met speciale zorg en aandacht behandeld. Dit gebeurt zowel tijdens een opname als op de polikliniek.","og_url":"https:\/\/www.mmc.nl\/ouderengeneeskunde\/over-ouderengeneeskunde\/","og_site_name":"Ouderengeneeskunde","article_modified_time":"2021-12-22T15:25:54+00:00","twitter_card":"summary_large_image","twitter_misc":{"Geschatte leestijd":"2 minuten"},"schema":{"@context":"https:\/\/schema.org","@graph":[{"@type":"WebPage","@id":"https:\/\/www.mmc.nl\/ouderengeneeskunde\/over-ouderengeneeskunde\/","url":"https:\/\/www.mmc.nl\/ouderengeneeskunde\/over-ouderengeneeskunde\/","name":"Over ouderengeneeskunde \u2013 M\u00e1xima MC","isPartOf":{"@id":"https:\/\/www.mmc.nl\/ouderengeneeskunde\/#website"},"primaryImageOfPage":{"@id":"https:\/\/www.mmc.nl\/ouderengeneeskunde\/over-ouderengeneeskunde\/#primaryimage"},"image":{"@id":"https:\/\/www.mmc.nl\/ouderengeneeskunde\/over-ouderengeneeskunde\/#primaryimage"},"thumbnailUrl":"","datePublished":"2017-07-25T13:04:32+00:00","dateModified":"2021-12-22T15:25:54+00:00","description":"Oudere pati\u00ebnten worden in MMC in het hele ziekenhuis met speciale zorg en aandacht behandeld. Dit gebeurt zowel tijdens een opname als op de polikliniek.","breadcrumb":{"@id":"https:\/\/www.mmc.nl\/ouderengeneeskunde\/over-ouderengeneeskunde\/#breadcrumb"},"inLanguage":"nl-NL","potentialAction":[{"@type":"ReadAction","target":["https:\/\/www.mmc.nl\/ouderengeneeskunde\/over-ouderengeneeskunde\/"]}]},{"@type":"ImageObject","inLanguage":"nl-NL","@id":"https:\/\/www.mmc.nl\/ouderengeneeskunde\/over-ouderengeneeskunde\/#primaryimage","url":"","contentUrl":""},{"@type":"BreadcrumbList","@id":"https:\/\/www.mmc.nl\/ouderengeneeskunde\/over-ouderengeneeskunde\/#breadcrumb","itemListElement":[{"@type":"ListItem","position":1,"name":"Ouderengeneeskunde","item":"https:\/\/www.mmc.nl\/ouderengeneeskunde\/"},{"@type":"ListItem","position":2,"name":"Over ouderengeneeskunde"}]},{"@type":"WebSite","@id":"https:\/\/www.mmc.nl\/ouderengeneeskunde\/#website","url":"https:\/\/www.mmc.nl\/ouderengeneeskunde\/","name":"Ouderengeneeskunde","description":"","potentialAction":[{"@type":"SearchAction","target":{"@type":"EntryPoint","urlTemplate":"https:\/\/www.mmc.nl\/ouderengeneeskunde\/?s={search_term_string}"},"query-input":{"@type":"PropertyValueSpecification","valueRequired":true,"valueName":"search_term_string"}}],"inLanguage":"nl-NL"}]}},"_links":{"self":[{"href":"https:\/\/www.mmc.nl\/ouderengeneeskunde\/wp-json\/wp\/v2\/pages\/357","targetHints":{"allow":["GET"]}}],"collection":[{"href":"https:\/\/www.mmc.nl\/ouderengeneeskunde\/wp-json\/wp\/v2\/pages"}],"about":[{"href":"https:\/\/www.mmc.nl\/ouderengeneeskunde\/wp-json\/wp\/v2\/types\/page"}],"author":[{"embeddable":true,"href":"https:\/\/www.mmc.nl\/ouderengeneeskunde\/wp-json\/wp\/v2\/users\/1"}],"replies":[{"embeddable":true,"href":"https:\/\/www.mmc.nl\/ouderengeneeskunde\/wp-json\/wp\/v2\/comments?post=357"}],"version-history":[{"count":27,"href":"https:\/\/www.mmc.nl\/ouderengeneeskunde\/wp-json\/wp\/v2\/pages\/357\/revisions"}],"predecessor-version":[{"id":2141,"href":"https:\/\/www.mmc.nl\/ouderengeneeskunde\/wp-json\/wp\/v2\/pages\/357\/revisions\/2141"}],"wp:featuredmedia":[{"embeddable":true,"href":"https:\/\/www.mmc.nl\/ouderengeneeskunde\/wp-json\/"}],"wp:attachment":[{"href":"https:\/\/www.mmc.nl\/ouderengeneeskunde\/wp-json\/wp\/v2\/media?parent=357"}],"wp:term":[{"taxonomy":"post_tag","embeddable":true,"href":"https:\/\/www.mmc.nl\/ouderengeneeskunde\/wp-json\/wp\/v2\/tags?post=357"}],"curies":[{"name":"wp","href":"https:\/\/api.w.org\/{rel}","templated":true}]}}