{"id":1475,"date":"2018-02-01T11:23:40","date_gmt":"2018-02-01T10:23:40","guid":{"rendered":"https:\/\/www.mmc.nl\/verwijzers\/?page_id=1475"},"modified":"2024-06-14T11:58:18","modified_gmt":"2024-06-14T09:58:18","slug":"verwijsinformatie-leverchirurgie","status":"publish","type":"page","link":"https:\/\/www.mmc.nl\/verwijzers\/verwijzen-naar-mmc\/verwijsinformatie-leverchirurgie\/","title":{"rendered":"Verwijsinformatie leverchirurgie"},"content":{"rendered":"<p>Om de snelheid en kwaliteit voor de behandeling van leverpati\u00ebnten te waarborgen, kunt u pati\u00ebnten die in aanmerking komen voor een leveroperatie digitaal bij ons aanmelden. Dit gebeurt via onderstaand verwijsformulier. Indien het verwijsformulier v\u00f3\u00f3r 16.00 op vrijdag wordt verstuurd dan wordt uw pati\u00ebnt in het eerstvolgende Multidisciplinair Overleg (MDO) op woensdag besproken. Hierna wordt de pati\u00ebnt op zo kort mogelijke termijn op onze polikliniek ontvangen voor het bespreken van conclusie en behandeladviezen.<\/p>\n<p>Hier vindt u de verwijsformulieren voor:<\/p>\n<ul>\n<li><a href=\"\/formulier-nieuwe-patient\" target=\"_blank\" rel=\"noopener noreferrer\">Verwijsformulier leverchirurgie &#8211; Een nieuwe pati\u00ebnt<\/a><\/li>\n<li><a href=\"\/formulier-patient-reeds-besproken-is\" target=\"_blank\" rel=\"noopener noreferrer\">Verwijsformulier leverchirurgie &#8211; Een pati\u00ebnt, die reeds besproken is in het MDO<\/a><\/li>\n<\/ul>\n<p>Het versturen van een verwijsbrief komt hiermee te vervallen.<\/p>\n","protected":false},"excerpt":{"rendered":"<p>Om de snelheid en kwaliteit voor de behandeling van leverpati\u00ebnten te waarborgen, kunt u pati\u00ebnten die in aanmerking komen voor een leveroperatie digitaal bij ons aanmelden. Dit gebeurt via onderstaand verwijsformulier. Indien het verwijsformulier v\u00f3\u00f3r 16.00 op vrijdag wordt verstuurd dan wordt uw pati\u00ebnt in het eerstvolgende Multidisciplinair Overleg (MDO) op woensdag besproken. Hierna wordt [&hellip;]<\/p>\n","protected":false},"author":3,"featured_media":1,"parent":701,"menu_order":0,"comment_status":"closed","ping_status":"closed","template":"page.php","meta":{"_acf_changed":false,"ep_exclude_from_search":false,"footnotes":""},"tags":[757,941,942,214,943],"class_list":["post-1475","page","type-page","status-publish","has-post-thumbnail","hentry","tag-leverchirurgie","tag-patient-verwijzen","tag-verwijsformulier","tag-verwijzen","tag-verwijzing"],"acf":[],"yoast_head":"<!-- This site is optimized with the Yoast SEO Premium plugin v27.1 (Yoast SEO v27.1.1) - https:\/\/yoast.com\/product\/yoast-seo-premium-wordpress\/ -->\n<title>Verwijsinformatie leverchirurgie - Verwijzers<\/title>\n<meta name=\"description\" content=\"Om de snelheid en kwaliteit voor de behandeling van leverpati\u00ebnten te waarborgen, kunt u pati\u00ebnten die in aanmerking komen voor een leveroperatie digitaal bij ons aanmelden. Dit gebeurt via onderstaand verwijsformulier. Uw aanmelding wordt in het eerstvolgende Multidisciplinair Overleg (MDO) besproken. Hierna wordt de pati\u00ebnt op zo kort mogelijke termijn op onze polikliniek ontvangen voor het bespreken van conclusie en behandeladviezen.\" \/>\n<meta name=\"robots\" content=\"index, follow, max-snippet:-1, max-image-preview:large, max-video-preview:-1\" \/>\n<link rel=\"canonical\" href=\"https:\/\/www.mmc.nl\/verwijzers\/verwijzen-naar-mmc\/verwijsinformatie-leverchirurgie\/\" \/>\n<meta property=\"og:locale\" content=\"nl_NL\" \/>\n<meta property=\"og:type\" content=\"article\" \/>\n<meta property=\"og:title\" content=\"Verwijsinformatie leverchirurgie\" \/>\n<meta property=\"og:description\" content=\"Om de snelheid en kwaliteit voor de behandeling van leverpati\u00ebnten te waarborgen, kunt u pati\u00ebnten die in aanmerking komen voor een leveroperatie digitaal bij ons aanmelden. Dit gebeurt via onderstaand verwijsformulier. Uw aanmelding wordt in het eerstvolgende Multidisciplinair Overleg (MDO) besproken. Hierna wordt de pati\u00ebnt op zo kort mogelijke termijn op onze polikliniek ontvangen voor het bespreken van conclusie en behandeladviezen.\" \/>\n<meta property=\"og:url\" content=\"https:\/\/www.mmc.nl\/verwijzers\/verwijzen-naar-mmc\/verwijsinformatie-leverchirurgie\/\" \/>\n<meta property=\"og:site_name\" content=\"Verwijzers\" \/>\n<meta property=\"article:modified_time\" content=\"2024-06-14T09:58:18+00:00\" \/>\n<meta name=\"twitter:card\" content=\"summary_large_image\" \/>\n<meta name=\"twitter:label1\" content=\"Geschatte leestijd\" \/>\n\t<meta name=\"twitter:data1\" content=\"2 minuten\" \/>\n<script type=\"application\/ld+json\" class=\"yoast-schema-graph\">{\"@context\":\"https:\/\/schema.org\",\"@graph\":[{\"@type\":\"WebPage\",\"@id\":\"https:\/\/www.mmc.nl\/verwijzers\/verwijzen-naar-mmc\/verwijsinformatie-leverchirurgie\/\",\"url\":\"https:\/\/www.mmc.nl\/verwijzers\/verwijzen-naar-mmc\/verwijsinformatie-leverchirurgie\/\",\"name\":\"Verwijsinformatie leverchirurgie - Verwijzers\",\"isPartOf\":{\"@id\":\"https:\/\/www.mmc.nl\/verwijzers\/#website\"},\"primaryImageOfPage\":{\"@id\":\"https:\/\/www.mmc.nl\/verwijzers\/verwijzen-naar-mmc\/verwijsinformatie-leverchirurgie\/#primaryimage\"},\"image\":{\"@id\":\"https:\/\/www.mmc.nl\/verwijzers\/verwijzen-naar-mmc\/verwijsinformatie-leverchirurgie\/#primaryimage\"},\"thumbnailUrl\":\"\",\"datePublished\":\"2018-02-01T10:23:40+00:00\",\"dateModified\":\"2024-06-14T09:58:18+00:00\",\"description\":\"Om de snelheid en kwaliteit voor de behandeling van leverpati\u00ebnten te waarborgen, kunt u pati\u00ebnten die in aanmerking komen voor een leveroperatie digitaal bij ons aanmelden. Dit gebeurt via onderstaand verwijsformulier. Uw aanmelding wordt in het eerstvolgende Multidisciplinair Overleg (MDO) besproken. Hierna wordt de pati\u00ebnt op zo kort mogelijke termijn op onze polikliniek ontvangen voor het bespreken van conclusie en behandeladviezen.\",\"breadcrumb\":{\"@id\":\"https:\/\/www.mmc.nl\/verwijzers\/verwijzen-naar-mmc\/verwijsinformatie-leverchirurgie\/#breadcrumb\"},\"inLanguage\":\"nl-NL\",\"potentialAction\":[{\"@type\":\"ReadAction\",\"target\":[\"https:\/\/www.mmc.nl\/verwijzers\/verwijzen-naar-mmc\/verwijsinformatie-leverchirurgie\/\"]}]},{\"@type\":\"ImageObject\",\"inLanguage\":\"nl-NL\",\"@id\":\"https:\/\/www.mmc.nl\/verwijzers\/verwijzen-naar-mmc\/verwijsinformatie-leverchirurgie\/#primaryimage\",\"url\":\"\",\"contentUrl\":\"\"},{\"@type\":\"BreadcrumbList\",\"@id\":\"https:\/\/www.mmc.nl\/verwijzers\/verwijzen-naar-mmc\/verwijsinformatie-leverchirurgie\/#breadcrumb\",\"itemListElement\":[{\"@type\":\"ListItem\",\"position\":1,\"name\":\"Verwijzers\",\"item\":\"https:\/\/www.mmc.nl\/verwijzers\/\"},{\"@type\":\"ListItem\",\"position\":2,\"name\":\"Verwijzen naar MMC\",\"item\":\"https:\/\/www.mmc.nl\/verwijzers\/verwijzen-naar-mmc\/\"},{\"@type\":\"ListItem\",\"position\":3,\"name\":\"Verwijsinformatie leverchirurgie\"}]},{\"@type\":\"WebSite\",\"@id\":\"https:\/\/www.mmc.nl\/verwijzers\/#website\",\"url\":\"https:\/\/www.mmc.nl\/verwijzers\/\",\"name\":\"Verwijzers\",\"description\":\"\",\"potentialAction\":[{\"@type\":\"SearchAction\",\"target\":{\"@type\":\"EntryPoint\",\"urlTemplate\":\"https:\/\/www.mmc.nl\/verwijzers\/?s={search_term_string}\"},\"query-input\":{\"@type\":\"PropertyValueSpecification\",\"valueRequired\":true,\"valueName\":\"search_term_string\"}}],\"inLanguage\":\"nl-NL\"}]}<\/script>\n<!-- \/ Yoast SEO Premium plugin. -->","yoast_head_json":{"title":"Verwijsinformatie leverchirurgie - Verwijzers","description":"Om de snelheid en kwaliteit voor de behandeling van leverpati\u00ebnten te waarborgen, kunt u pati\u00ebnten die in aanmerking komen voor een leveroperatie digitaal bij ons aanmelden. Dit gebeurt via onderstaand verwijsformulier. Uw aanmelding wordt in het eerstvolgende Multidisciplinair Overleg (MDO) besproken. Hierna wordt de pati\u00ebnt op zo kort mogelijke termijn op onze polikliniek ontvangen voor het bespreken van conclusie en behandeladviezen.","robots":{"index":"index","follow":"follow","max-snippet":"max-snippet:-1","max-image-preview":"max-image-preview:large","max-video-preview":"max-video-preview:-1"},"canonical":"https:\/\/www.mmc.nl\/verwijzers\/verwijzen-naar-mmc\/verwijsinformatie-leverchirurgie\/","og_locale":"nl_NL","og_type":"article","og_title":"Verwijsinformatie leverchirurgie","og_description":"Om de snelheid en kwaliteit voor de behandeling van leverpati\u00ebnten te waarborgen, kunt u pati\u00ebnten die in aanmerking komen voor een leveroperatie digitaal bij ons aanmelden. Dit gebeurt via onderstaand verwijsformulier. Uw aanmelding wordt in het eerstvolgende Multidisciplinair Overleg (MDO) besproken. Hierna wordt de pati\u00ebnt op zo kort mogelijke termijn op onze polikliniek ontvangen voor het bespreken van conclusie en behandeladviezen.","og_url":"https:\/\/www.mmc.nl\/verwijzers\/verwijzen-naar-mmc\/verwijsinformatie-leverchirurgie\/","og_site_name":"Verwijzers","article_modified_time":"2024-06-14T09:58:18+00:00","twitter_card":"summary_large_image","twitter_misc":{"Geschatte leestijd":"2 minuten"},"schema":{"@context":"https:\/\/schema.org","@graph":[{"@type":"WebPage","@id":"https:\/\/www.mmc.nl\/verwijzers\/verwijzen-naar-mmc\/verwijsinformatie-leverchirurgie\/","url":"https:\/\/www.mmc.nl\/verwijzers\/verwijzen-naar-mmc\/verwijsinformatie-leverchirurgie\/","name":"Verwijsinformatie leverchirurgie - Verwijzers","isPartOf":{"@id":"https:\/\/www.mmc.nl\/verwijzers\/#website"},"primaryImageOfPage":{"@id":"https:\/\/www.mmc.nl\/verwijzers\/verwijzen-naar-mmc\/verwijsinformatie-leverchirurgie\/#primaryimage"},"image":{"@id":"https:\/\/www.mmc.nl\/verwijzers\/verwijzen-naar-mmc\/verwijsinformatie-leverchirurgie\/#primaryimage"},"thumbnailUrl":"","datePublished":"2018-02-01T10:23:40+00:00","dateModified":"2024-06-14T09:58:18+00:00","description":"Om de snelheid en kwaliteit voor de behandeling van leverpati\u00ebnten te waarborgen, kunt u pati\u00ebnten die in aanmerking komen voor een leveroperatie digitaal bij ons aanmelden. Dit gebeurt via onderstaand verwijsformulier. Uw aanmelding wordt in het eerstvolgende Multidisciplinair Overleg (MDO) besproken. Hierna wordt de pati\u00ebnt op zo kort mogelijke termijn op onze polikliniek ontvangen voor het bespreken van conclusie en behandeladviezen.","breadcrumb":{"@id":"https:\/\/www.mmc.nl\/verwijzers\/verwijzen-naar-mmc\/verwijsinformatie-leverchirurgie\/#breadcrumb"},"inLanguage":"nl-NL","potentialAction":[{"@type":"ReadAction","target":["https:\/\/www.mmc.nl\/verwijzers\/verwijzen-naar-mmc\/verwijsinformatie-leverchirurgie\/"]}]},{"@type":"ImageObject","inLanguage":"nl-NL","@id":"https:\/\/www.mmc.nl\/verwijzers\/verwijzen-naar-mmc\/verwijsinformatie-leverchirurgie\/#primaryimage","url":"","contentUrl":""},{"@type":"BreadcrumbList","@id":"https:\/\/www.mmc.nl\/verwijzers\/verwijzen-naar-mmc\/verwijsinformatie-leverchirurgie\/#breadcrumb","itemListElement":[{"@type":"ListItem","position":1,"name":"Verwijzers","item":"https:\/\/www.mmc.nl\/verwijzers\/"},{"@type":"ListItem","position":2,"name":"Verwijzen naar MMC","item":"https:\/\/www.mmc.nl\/verwijzers\/verwijzen-naar-mmc\/"},{"@type":"ListItem","position":3,"name":"Verwijsinformatie leverchirurgie"}]},{"@type":"WebSite","@id":"https:\/\/www.mmc.nl\/verwijzers\/#website","url":"https:\/\/www.mmc.nl\/verwijzers\/","name":"Verwijzers","description":"","potentialAction":[{"@type":"SearchAction","target":{"@type":"EntryPoint","urlTemplate":"https:\/\/www.mmc.nl\/verwijzers\/?s={search_term_string}"},"query-input":{"@type":"PropertyValueSpecification","valueRequired":true,"valueName":"search_term_string"}}],"inLanguage":"nl-NL"}]}},"_links":{"self":[{"href":"https:\/\/www.mmc.nl\/verwijzers\/wp-json\/wp\/v2\/pages\/1475","targetHints":{"allow":["GET"]}}],"collection":[{"href":"https:\/\/www.mmc.nl\/verwijzers\/wp-json\/wp\/v2\/pages"}],"about":[{"href":"https:\/\/www.mmc.nl\/verwijzers\/wp-json\/wp\/v2\/types\/page"}],"author":[{"embeddable":true,"href":"https:\/\/www.mmc.nl\/verwijzers\/wp-json\/wp\/v2\/users\/3"}],"replies":[{"embeddable":true,"href":"https:\/\/www.mmc.nl\/verwijzers\/wp-json\/wp\/v2\/comments?post=1475"}],"version-history":[{"count":13,"href":"https:\/\/www.mmc.nl\/verwijzers\/wp-json\/wp\/v2\/pages\/1475\/revisions"}],"predecessor-version":[{"id":5159,"href":"https:\/\/www.mmc.nl\/verwijzers\/wp-json\/wp\/v2\/pages\/1475\/revisions\/5159"}],"up":[{"embeddable":true,"href":"https:\/\/www.mmc.nl\/verwijzers\/wp-json\/wp\/v2\/pages\/701"}],"wp:featuredmedia":[{"embeddable":true,"href":"https:\/\/www.mmc.nl\/verwijzers\/wp-json\/"}],"wp:attachment":[{"href":"https:\/\/www.mmc.nl\/verwijzers\/wp-json\/wp\/v2\/media?parent=1475"}],"wp:term":[{"taxonomy":"post_tag","embeddable":true,"href":"https:\/\/www.mmc.nl\/verwijzers\/wp-json\/wp\/v2\/tags?post=1475"}],"curies":[{"name":"wp","href":"https:\/\/api.w.org\/{rel}","templated":true}]}}