{"id":44349,"date":"2022-04-21T17:51:23","date_gmt":"2022-04-21T15:51:23","guid":{"rendered":"https:\/\/www.mmc.nl\/werkenbijmmc\/?page_id=44349"},"modified":"2022-04-21T17:57:17","modified_gmt":"2022-04-21T15:57:17","slug":"nele-vertelt-over-het-werken-op-de-aoa","status":"publish","type":"page","link":"https:\/\/www.mmc.nl\/werkenbijmmc\/nele-vertelt-over-het-werken-op-de-aoa\/","title":{"rendered":"Nele vertelt over het werken op de AOA"},"content":{"rendered":"<p><strong>Nele (verpleegkundige op de AOA, geboren en nog steeds wonend in Belgi\u00eb), kun jij je landgenoten vertellen wat een Acute Opname Afdeling (AOA) is en wat het werken op een AOA zo leuk maakt?<\/strong><\/p>\n<p><img decoding=\"async\" class=\"alignnone size-medium wp-image-44355 lazyload\" data-src=\"https:\/\/www.mmc.nl\/werkenbijmmc\/wp-content\/uploads\/sites\/6\/2022\/04\/Nele-verpleegkundige-AOA-300x216.jpg\" alt=\"\" width=\"300\" height=\"216\" data-srcset=\"https:\/\/www.mmc.nl\/werkenbijmmc\/wp-content\/uploads\/sites\/6\/2022\/04\/Nele-verpleegkundige-AOA-300x216.jpg 300w, https:\/\/www.mmc.nl\/werkenbijmmc\/wp-content\/uploads\/sites\/6\/2022\/04\/Nele-verpleegkundige-AOA-1024x737.jpg 1024w, https:\/\/www.mmc.nl\/werkenbijmmc\/wp-content\/uploads\/sites\/6\/2022\/04\/Nele-verpleegkundige-AOA-768x553.jpg 768w, https:\/\/www.mmc.nl\/werkenbijmmc\/wp-content\/uploads\/sites\/6\/2022\/04\/Nele-verpleegkundige-AOA-1536x1106.jpg 1536w, https:\/\/www.mmc.nl\/werkenbijmmc\/wp-content\/uploads\/sites\/6\/2022\/04\/Nele-verpleegkundige-AOA-2048x1474.jpg 2048w, https:\/\/www.mmc.nl\/werkenbijmmc\/wp-content\/uploads\/sites\/6\/2022\/04\/Nele-verpleegkundige-AOA-150x108.jpg 150w, https:\/\/www.mmc.nl\/werkenbijmmc\/wp-content\/uploads\/sites\/6\/2022\/04\/Nele-verpleegkundige-AOA-scaled.jpg 1400w\" data-sizes=\"(max-width: 300px) 100vw, 300px\" src=\"data:image\/svg+xml;base64,PHN2ZyB3aWR0aD0iMSIgaGVpZ2h0PSIxIiB4bWxucz0iaHR0cDovL3d3dy53My5vcmcvMjAwMC9zdmciPjwvc3ZnPg==\" style=\"--smush-placeholder-width: 300px; --smush-placeholder-aspect-ratio: 300\/216;\" \/><\/p>\n<p>\u201c<em>Ja, de AOA kennen wij in Belgi\u00eb niet. In Belgi\u00eb gaan pati\u00ebnten vanuit de SEH gelijk naar een afdeling. In Nederland niet. Daar komen de pati\u00ebnten eerst op de AOA (tenzij het gelijk duidelijk is dat zij specialistische zorg nodig hebben, bijvoorbeeld op de intensive care, verloskunde, kindergeneeskunde of de coronary care). Pati\u00ebnten gaan na 1 a 2 dagen op de AOA of naar een verpleegafdeling of weer naar huis. Het is een leerrijke omgeving, je ziet veel verschillende soorten pati\u00ebnten en dus ook artsen. Je leert vanuit de AOA ook goed het hele ziekenhuis kennen omdat je veel contacten hebt met collega\u2019s van andere afdelingen waar pati\u00ebnten na de AOA naar toe gaan. Voor veel verpleegkundigen is de stap naar een IC\/SEH\/CCU best groot, de AOA is een mooie tussenstap, zeker omdat je hier ook al de Basis Acute Zorg opleiding kunt volgen. Als je deze opleiding behaald hebt kun je je daarna verder specialiseren als AOA-, IC-, SEH- of CCU-verpleegkundige. Dit kan met zowel je bachelor als je HBO diploma<\/em>.\u201d<\/p>\n<p><strong>Ervaar jij, los van de AOA, verschillen met het werken in Belgi\u00eb?<\/strong><\/p>\n<p>\u201c<em>Zeker, het is veel minder hi\u00ebrarchisch dan in Belgi\u00eb. Artsen gaan op een hele andere manier om met verpleegkundigen. Ook collega\u2019s zijn heel collegiaal. Ik moest in het begin wel wat wennen aan de Nederlandse \u201crechtuit\u201d mentaliteit. Nu ben ik er aan gewend en heb er zelfs veel van geleerd. Ik ben sterker in mijn schoenen komen te staan. Daarnaast ervaar ik ook wat praktische voordelen, de werkdruk bijvoorbeeld, ik heb hier 4 pati\u00ebnten. Mijn rooster is gunstig, de reeksen zijn beter, ik heb meer mogelijkheid om te schuiven en er wordt meer rekening gehouden met mijn priv\u00e9-situatie. De registratie in het BIG-register<\/em><em> is goed te doen en sinds de nieuwe weg langs Valkenswaard er is rijd ik zo naar MMC toe.\u201d<\/em><\/p>\n<p>Ben je enthousiast geworden? Bekijk onze <a href=\"https:\/\/www.mmc.nl\/werkenbijmmc\/vacatures\/49803\/verpleegkundige-aoa\/\">vacature op de AOA<\/a> en reageer snel!<\/p>\n","protected":false},"excerpt":{"rendered":"<p>Nele (verpleegkundige op de AOA, geboren en nog steeds wonend in Belgi\u00eb), kun jij je landgenoten vertellen wat een Acute Opname Afdeling (AOA) is en wat het werken op een AOA zo leuk maakt? \u201cJa, de AOA kennen wij in Belgi\u00eb niet. In Belgi\u00eb gaan pati\u00ebnten vanuit de SEH gelijk naar een afdeling. In Nederland [&hellip;]<\/p>\n","protected":false},"author":26,"featured_media":1,"parent":0,"menu_order":0,"comment_status":"closed","ping_status":"closed","template":"","meta":{"_acf_changed":false,"ep_exclude_from_search":false,"footnotes":""},"tags":[],"class_list":["post-44349","page","type-page","status-publish","has-post-thumbnail","hentry"],"acf":[],"yoast_head":"<!-- This site is optimized with the Yoast SEO Premium plugin v27.1 (Yoast SEO v27.1.1) - https:\/\/yoast.com\/product\/yoast-seo-premium-wordpress\/ -->\n<title>Nele vertelt over het werken op de AOA - Werken bij MMC<\/title>\n<meta name=\"robots\" content=\"index, follow, max-snippet:-1, max-image-preview:large, max-video-preview:-1\" \/>\n<link rel=\"canonical\" href=\"https:\/\/www.mmc.nl\/werkenbijmmc\/nele-vertelt-over-het-werken-op-de-aoa\/\" \/>\n<meta property=\"og:locale\" content=\"nl_NL\" \/>\n<meta property=\"og:type\" content=\"article\" \/>\n<meta property=\"og:title\" content=\"Nele vertelt over het werken op de AOA\" \/>\n<meta property=\"og:description\" content=\"Nele (verpleegkundige op de AOA, geboren en nog steeds wonend in Belgi\u00eb), kun jij je landgenoten vertellen wat een Acute Opname Afdeling (AOA) is en wat het werken op een AOA zo leuk maakt? \u201cJa, de AOA kennen wij in Belgi\u00eb niet. In Belgi\u00eb gaan pati\u00ebnten vanuit de SEH gelijk naar een afdeling. In Nederland [&hellip;]\" \/>\n<meta property=\"og:url\" content=\"https:\/\/www.mmc.nl\/werkenbijmmc\/nele-vertelt-over-het-werken-op-de-aoa\/\" \/>\n<meta property=\"og:site_name\" content=\"Werken bij MMC\" \/>\n<meta property=\"article:modified_time\" content=\"2022-04-21T15:57:17+00:00\" \/>\n<meta name=\"twitter:card\" content=\"summary_large_image\" \/>\n<meta name=\"twitter:label1\" content=\"Geschatte leestijd\" \/>\n\t<meta name=\"twitter:data1\" content=\"2 minuten\" \/>\n<script type=\"application\/ld+json\" class=\"yoast-schema-graph\">{\"@context\":\"https:\/\/schema.org\",\"@graph\":[{\"@type\":\"WebPage\",\"@id\":\"https:\/\/www.mmc.nl\/werkenbijmmc\/nele-vertelt-over-het-werken-op-de-aoa\/\",\"url\":\"https:\/\/www.mmc.nl\/werkenbijmmc\/nele-vertelt-over-het-werken-op-de-aoa\/\",\"name\":\"Nele vertelt over het werken op de AOA - Werken bij MMC\",\"isPartOf\":{\"@id\":\"https:\/\/www.mmc.nl\/werkenbijmmc\/#website\"},\"primaryImageOfPage\":{\"@id\":\"https:\/\/www.mmc.nl\/werkenbijmmc\/nele-vertelt-over-het-werken-op-de-aoa\/#primaryimage\"},\"image\":{\"@id\":\"https:\/\/www.mmc.nl\/werkenbijmmc\/nele-vertelt-over-het-werken-op-de-aoa\/#primaryimage\"},\"thumbnailUrl\":\"\",\"datePublished\":\"2022-04-21T15:51:23+00:00\",\"dateModified\":\"2022-04-21T15:57:17+00:00\",\"breadcrumb\":{\"@id\":\"https:\/\/www.mmc.nl\/werkenbijmmc\/nele-vertelt-over-het-werken-op-de-aoa\/#breadcrumb\"},\"inLanguage\":\"nl-NL\",\"potentialAction\":[{\"@type\":\"ReadAction\",\"target\":[\"https:\/\/www.mmc.nl\/werkenbijmmc\/nele-vertelt-over-het-werken-op-de-aoa\/\"]}]},{\"@type\":\"ImageObject\",\"inLanguage\":\"nl-NL\",\"@id\":\"https:\/\/www.mmc.nl\/werkenbijmmc\/nele-vertelt-over-het-werken-op-de-aoa\/#primaryimage\",\"url\":\"\",\"contentUrl\":\"\"},{\"@type\":\"BreadcrumbList\",\"@id\":\"https:\/\/www.mmc.nl\/werkenbijmmc\/nele-vertelt-over-het-werken-op-de-aoa\/#breadcrumb\",\"itemListElement\":[{\"@type\":\"ListItem\",\"position\":1,\"name\":\"Werken bij MMC\",\"item\":\"https:\/\/www.mmc.nl\/werkenbijmmc\/\"},{\"@type\":\"ListItem\",\"position\":2,\"name\":\"Nele vertelt over het werken op de AOA\"}]},{\"@type\":\"WebSite\",\"@id\":\"https:\/\/www.mmc.nl\/werkenbijmmc\/#website\",\"url\":\"https:\/\/www.mmc.nl\/werkenbijmmc\/\",\"name\":\"Werken bij MMC\",\"description\":\"\",\"potentialAction\":[{\"@type\":\"SearchAction\",\"target\":{\"@type\":\"EntryPoint\",\"urlTemplate\":\"https:\/\/www.mmc.nl\/werkenbijmmc\/?s={search_term_string}\"},\"query-input\":{\"@type\":\"PropertyValueSpecification\",\"valueRequired\":true,\"valueName\":\"search_term_string\"}}],\"inLanguage\":\"nl-NL\"}]}<\/script>\n<!-- \/ Yoast SEO Premium plugin. -->","yoast_head_json":{"title":"Nele vertelt over het werken op de AOA - Werken bij MMC","robots":{"index":"index","follow":"follow","max-snippet":"max-snippet:-1","max-image-preview":"max-image-preview:large","max-video-preview":"max-video-preview:-1"},"canonical":"https:\/\/www.mmc.nl\/werkenbijmmc\/nele-vertelt-over-het-werken-op-de-aoa\/","og_locale":"nl_NL","og_type":"article","og_title":"Nele vertelt over het werken op de AOA","og_description":"Nele (verpleegkundige op de AOA, geboren en nog steeds wonend in Belgi\u00eb), kun jij je landgenoten vertellen wat een Acute Opname Afdeling (AOA) is en wat het werken op een AOA zo leuk maakt? \u201cJa, de AOA kennen wij in Belgi\u00eb niet. In Belgi\u00eb gaan pati\u00ebnten vanuit de SEH gelijk naar een afdeling. In Nederland [&hellip;]","og_url":"https:\/\/www.mmc.nl\/werkenbijmmc\/nele-vertelt-over-het-werken-op-de-aoa\/","og_site_name":"Werken bij MMC","article_modified_time":"2022-04-21T15:57:17+00:00","twitter_card":"summary_large_image","twitter_misc":{"Geschatte leestijd":"2 minuten"},"schema":{"@context":"https:\/\/schema.org","@graph":[{"@type":"WebPage","@id":"https:\/\/www.mmc.nl\/werkenbijmmc\/nele-vertelt-over-het-werken-op-de-aoa\/","url":"https:\/\/www.mmc.nl\/werkenbijmmc\/nele-vertelt-over-het-werken-op-de-aoa\/","name":"Nele vertelt over het werken op de AOA - Werken bij MMC","isPartOf":{"@id":"https:\/\/www.mmc.nl\/werkenbijmmc\/#website"},"primaryImageOfPage":{"@id":"https:\/\/www.mmc.nl\/werkenbijmmc\/nele-vertelt-over-het-werken-op-de-aoa\/#primaryimage"},"image":{"@id":"https:\/\/www.mmc.nl\/werkenbijmmc\/nele-vertelt-over-het-werken-op-de-aoa\/#primaryimage"},"thumbnailUrl":"","datePublished":"2022-04-21T15:51:23+00:00","dateModified":"2022-04-21T15:57:17+00:00","breadcrumb":{"@id":"https:\/\/www.mmc.nl\/werkenbijmmc\/nele-vertelt-over-het-werken-op-de-aoa\/#breadcrumb"},"inLanguage":"nl-NL","potentialAction":[{"@type":"ReadAction","target":["https:\/\/www.mmc.nl\/werkenbijmmc\/nele-vertelt-over-het-werken-op-de-aoa\/"]}]},{"@type":"ImageObject","inLanguage":"nl-NL","@id":"https:\/\/www.mmc.nl\/werkenbijmmc\/nele-vertelt-over-het-werken-op-de-aoa\/#primaryimage","url":"","contentUrl":""},{"@type":"BreadcrumbList","@id":"https:\/\/www.mmc.nl\/werkenbijmmc\/nele-vertelt-over-het-werken-op-de-aoa\/#breadcrumb","itemListElement":[{"@type":"ListItem","position":1,"name":"Werken bij MMC","item":"https:\/\/www.mmc.nl\/werkenbijmmc\/"},{"@type":"ListItem","position":2,"name":"Nele vertelt over het werken op de AOA"}]},{"@type":"WebSite","@id":"https:\/\/www.mmc.nl\/werkenbijmmc\/#website","url":"https:\/\/www.mmc.nl\/werkenbijmmc\/","name":"Werken bij MMC","description":"","potentialAction":[{"@type":"SearchAction","target":{"@type":"EntryPoint","urlTemplate":"https:\/\/www.mmc.nl\/werkenbijmmc\/?s={search_term_string}"},"query-input":{"@type":"PropertyValueSpecification","valueRequired":true,"valueName":"search_term_string"}}],"inLanguage":"nl-NL"}]}},"_links":{"self":[{"href":"https:\/\/www.mmc.nl\/werkenbijmmc\/wp-json\/wp\/v2\/pages\/44349","targetHints":{"allow":["GET"]}}],"collection":[{"href":"https:\/\/www.mmc.nl\/werkenbijmmc\/wp-json\/wp\/v2\/pages"}],"about":[{"href":"https:\/\/www.mmc.nl\/werkenbijmmc\/wp-json\/wp\/v2\/types\/page"}],"author":[{"embeddable":true,"href":"https:\/\/www.mmc.nl\/werkenbijmmc\/wp-json\/wp\/v2\/users\/26"}],"replies":[{"embeddable":true,"href":"https:\/\/www.mmc.nl\/werkenbijmmc\/wp-json\/wp\/v2\/comments?post=44349"}],"version-history":[{"count":4,"href":"https:\/\/www.mmc.nl\/werkenbijmmc\/wp-json\/wp\/v2\/pages\/44349\/revisions"}],"predecessor-version":[{"id":44364,"href":"https:\/\/www.mmc.nl\/werkenbijmmc\/wp-json\/wp\/v2\/pages\/44349\/revisions\/44364"}],"wp:featuredmedia":[{"embeddable":true,"href":"https:\/\/www.mmc.nl\/werkenbijmmc\/wp-json\/"}],"wp:attachment":[{"href":"https:\/\/www.mmc.nl\/werkenbijmmc\/wp-json\/wp\/v2\/media?parent=44349"}],"wp:term":[{"taxonomy":"post_tag","embeddable":true,"href":"https:\/\/www.mmc.nl\/werkenbijmmc\/wp-json\/wp\/v2\/tags?post=44349"}],"curies":[{"name":"wp","href":"https:\/\/api.w.org\/{rel}","templated":true}]}}