{"id":55192,"date":"2026-02-16T14:10:07","date_gmt":"2026-02-16T13:10:07","guid":{"rendered":"https:\/\/www.mmc.nl\/werkenbijmmc\/?page_id=55192"},"modified":"2026-03-16T15:52:55","modified_gmt":"2026-03-16T14:52:55","slug":"aios-bij-mmc","status":"publish","type":"page","link":"https:\/\/www.mmc.nl\/werkenbijmmc\/aios-bij-mmc\/","title":{"rendered":"AIOS bij M\u00e1xima MC"},"content":{"rendered":"<p>Als opleidingsziekenhuis leiden we je op in een omgeving waar topklinische zorg, persoonlijke begeleiding en innovatie samenkomen. We zijn onderdeel van OOR ZON en werken actief regionaal samen aan de opleiding van de medisch specialist van de toekomst.<\/p>\n<p><img decoding=\"async\" class=\"wp-image-55193 alignnone lazyload\" data-src=\"https:\/\/www.mmc.nl\/werkenbijmmc\/wp-content\/uploads\/sites\/6\/2026\/02\/mmc34492.jpg\" alt=\"\" width=\"500\" height=\"334\" data-srcset=\"https:\/\/www.mmc.nl\/werkenbijmmc\/wp-content\/uploads\/sites\/6\/2026\/02\/mmc34492.jpg 900w, https:\/\/www.mmc.nl\/werkenbijmmc\/wp-content\/uploads\/sites\/6\/2026\/02\/mmc34492-300x200.jpg 300w, https:\/\/www.mmc.nl\/werkenbijmmc\/wp-content\/uploads\/sites\/6\/2026\/02\/mmc34492-768x513.jpg 768w, https:\/\/www.mmc.nl\/werkenbijmmc\/wp-content\/uploads\/sites\/6\/2026\/02\/mmc34492-150x100.jpg 150w\" data-sizes=\"(max-width: 500px) 100vw, 500px\" src=\"data:image\/svg+xml;base64,PHN2ZyB3aWR0aD0iMSIgaGVpZ2h0PSIxIiB4bWxucz0iaHR0cDovL3d3dy53My5vcmcvMjAwMC9zdmciPjwvc3ZnPg==\" style=\"--smush-placeholder-width: 500px; --smush-placeholder-aspect-ratio: 500\/334;\" \/><\/p>\n<h3>Specialismen waarin MMC opleidt<\/h3>\n<ul>\n<li>Anesthesiologie<\/li>\n<li>Cardiologie<\/li>\n<li>Chirurgie<\/li>\n<li>Interne geneeskunde<\/li>\n<li>Kindergeneeskunde<\/li>\n<li>Klinische chemie<\/li>\n<li>Klinisch fysica<\/li>\n<li>Medische psychologie (zowel GZ-psychologie als klinisch psychologie)<\/li>\n<li>Neurologie<\/li>\n<li>Obstetrie &amp; Gynaecologie<\/li>\n<li>Orthopedie<\/li>\n<li>Plastische chirurgie<\/li>\n<li>Spoedeisende Hulp<\/li>\n<li>Sportgeneeskunde<\/li>\n<li>Ziekenhuisfarmacie<\/li>\n<\/ul>\n<p><em>&#8220;Bij MMC krijg je een opleidingsplek die echt bij je past. Zo heb ik samen met mijn opleider gekeken hoe we mijn interesses \u2013 van bestuurlijke nevenactiviteiten tot duurzaamheid \u2013 konden laten aansluiten bij mijn werkzaamheden. Dankzij de persoonlijke begeleiding van mijn mentor en buddy \u00e9n laagdrempelige supervisie voel ik me veilig om te leren en te groeien.&#8221;<\/em><\/p>\n<h3>Waarom AIOS bij MMC?<\/h3>\n<ul>\n<li><strong>Persoonlijke begeleiding &amp; korte lijnen:<\/strong> MMC staat bekend om de toegankelijke opleiders en hechte teams waarin je \u00e9cht gezien en begeleid wordt.<\/li>\n<li><strong>Breed en uitdagend opleidingsaanbod<\/strong>: Je werkt in een topklinisch ziekenhuis met veel variatie in casu\u00efstiek en volop mogelijkheden om jezelf te ontwikkelen.<\/li>\n<li><strong>Veel ruimte voor jouw interesses en talenten<\/strong>: We denken mee in jouw werk-priv\u00e9balans, nevenactiviteiten en niet-klinische interesses zoals duurzaamheid en onderwijs. MMC stimuleert en faciliteert jouw professionele en persoonlijke groei.<\/li>\n<li><strong>Prettige, warme werksfeer<\/strong>: Collega\u2019s omschrijven MMC vaak als een ziekenhuis waar het naast professioneel ook gewoon fijn werken is.<\/li>\n<\/ul>\n<p><img decoding=\"async\" class=\"alignnone wp-image-55490 lazyload\" data-src=\"https:\/\/www.mmc.nl\/werkenbijmmc\/wp-content\/uploads\/sites\/6\/2026\/03\/Foto-Anouk-Maatman-web.jpg\" alt=\"\" width=\"500\" height=\"375\" data-srcset=\"https:\/\/www.mmc.nl\/werkenbijmmc\/wp-content\/uploads\/sites\/6\/2026\/03\/Foto-Anouk-Maatman-web.jpg 600w, https:\/\/www.mmc.nl\/werkenbijmmc\/wp-content\/uploads\/sites\/6\/2026\/03\/Foto-Anouk-Maatman-web-300x225.jpg 300w, https:\/\/www.mmc.nl\/werkenbijmmc\/wp-content\/uploads\/sites\/6\/2026\/03\/Foto-Anouk-Maatman-web-150x113.jpg 150w\" data-sizes=\"(max-width: 500px) 100vw, 500px\" src=\"data:image\/svg+xml;base64,PHN2ZyB3aWR0aD0iMSIgaGVpZ2h0PSIxIiB4bWxucz0iaHR0cDovL3d3dy53My5vcmcvMjAwMC9zdmciPjwvc3ZnPg==\" style=\"--smush-placeholder-width: 500px; --smush-placeholder-aspect-ratio: 500\/375;\" \/><\/p>\n<h3>Anouk, AIOS interne geneeskunde en voorzitter van de arts-assistentenvereniging<\/h3>\n<p><em>\u2018De afwisseling met bestuurlijke taken maakt mijn werk leuker en meer waardevol. Mijn overtuiging is dat als je iets leuk vindt, je ook veel meer aan kunt.\u2019\u00a0<\/em><em>Daarnaast geven bestuurlijke taken Anouk de mogelijkheid om de zorg op een positieve manier te veranderen.<\/em><em>\u00a0\u2018In de spreekkamer help je \u00e9\u00e9n pati\u00ebnt tegelijk. Bestuurlijke activiteiten geven de kans om iets groters te verbeteren: gezonde, gemotiveerde zorgprofessionals die de zorg van morgen kunnen blijven bieden.\u2019 <\/em><em>Lees het hele <a href=\"https:\/\/www.mmc.nl\/werkenbijmmc\/ervaringen\/anouk-aios-met-een-bestuurlijke-drive-over-de-ruimte-om-te-groeien-bij-mmc\/\">interview met Anouk.<\/a><\/em><\/p>\n<h3>Als AIOS bij MMC aan de slag<\/h3>\n<p>Meer informatie over vooropleidingen en differentiatiestages (volgens de RGS) vind je op\u00a0<a href=\"https:\/\/www.opleidingsetalage.nl\/opleidingen?field_speciality_target_id=All&amp;field_component_focus_area_target_id=All&amp;field_oors_target_id=All&amp;field_group_ref_target_id=68&amp;field_component_type_target_id=All&amp;field_durations_target_id=All\">opleidingsetalage.nl<\/a><u>,<\/u> waar je je kunt ori\u00ebnteren en solliciteren op een (differentiatie)stage of vooropleidingsplek in M\u00e1xima MC. Voor enkele opleidingen binnen MMC zijn andere registratiecommissies van toepassing. Informeer hier naar bij de MMC Academie (via <a href=\"mailto:academie@mmc.nl\">academie@mmc.nl<\/a>).<\/p>\n<p>Ook als een ander ziekenhuis je hoofdopleider is kun je in MMC de vooropleiding volgen. Zo doe je extra veel ervaring op in verschillende ziekenhuizen en bouw je een groot netwerk op.<\/p>\n<p>Wil je als AIOS bij MMC aan de slag? De selectieprocedure verloopt via <a href=\"https:\/\/www.oorzon.nl\/\" target=\"_blank\" rel=\"noopener\">OOR ZON<\/a>.<br \/>\n<em>Tip: vraag je huidige begeleider of opleider om ondersteuning\/advies\/inzet van netwerk bij het vinden van een AIOS plek.<\/em><\/p>\n<p><em>\u201cWat mij aantrekt in MMC? De unieke kans om klinisch werk te verbinden met onderzoek en innovatie. Door de nauwe banden met TU\/e en hightech in de Brainport\u2011regio werk ik aan projecten met echte impact.\u201d<\/em><\/p>\n<p>Benieuwd naar de ervaringen van arts-assistenten bij MMC? <a href=\"https:\/\/www.mmc.nl\/werkenbijmmc\/onze-collegas-aan-het-woord\/\">Lees verder<\/a><\/p>\n<p>Meer algemene informatie vind je op onze <a href=\"https:\/\/www.mmc.nl\/werkenbijmmc\/professionals\/arts-assistenten-en-coassistenten\/\">overzichtspagina voor arts-assistenten\/coassistenten<\/a>.<\/p>\n","protected":false},"excerpt":{"rendered":"<p>Als opleidingsziekenhuis leiden we je op in een omgeving waar topklinische zorg, persoonlijke begeleiding en innovatie samenkomen. We zijn onderdeel van OOR ZON en werken actief regionaal samen aan de opleiding van de medisch specialist van de toekomst. Specialismen waarin MMC opleidt Anesthesiologie Cardiologie Chirurgie Interne geneeskunde Kindergeneeskunde Klinische chemie Klinisch fysica Medische psychologie (zowel [&hellip;]<\/p>\n","protected":false},"author":221,"featured_media":1,"parent":0,"menu_order":0,"comment_status":"closed","ping_status":"closed","template":"","meta":{"_acf_changed":false,"ep_exclude_from_search":false,"footnotes":""},"tags":[],"class_list":["post-55192","page","type-page","status-publish","has-post-thumbnail","hentry"],"acf":[],"yoast_head":"<!-- This site is optimized with the Yoast SEO Premium plugin v27.3 (Yoast SEO v27.3) - https:\/\/yoast.com\/product\/yoast-seo-premium-wordpress\/ -->\n<title>AIOS bij M\u00e1xima MC - Werken bij MMC<\/title>\n<meta name=\"description\" content=\"AIOS bij MMC: opleiden in STZ ziekenhuis, OOR ZON, differentiatiestages, onderzoek, begeleiding en personeelsflat.\" \/>\n<meta name=\"robots\" content=\"index, follow, max-snippet:-1, max-image-preview:large, max-video-preview:-1\" \/>\n<link rel=\"canonical\" href=\"https:\/\/www.mmc.nl\/werkenbijmmc\/aios-bij-mmc\/\" \/>\n<meta property=\"og:locale\" content=\"nl_NL\" \/>\n<meta property=\"og:type\" content=\"article\" \/>\n<meta property=\"og:title\" content=\"AIOS bij M\u00e1xima MC\" \/>\n<meta property=\"og:description\" content=\"AIOS bij MMC: opleiden in STZ ziekenhuis, OOR ZON, differentiatiestages, onderzoek, begeleiding en personeelsflat.\" \/>\n<meta property=\"og:url\" content=\"https:\/\/www.mmc.nl\/werkenbijmmc\/aios-bij-mmc\/\" \/>\n<meta property=\"og:site_name\" content=\"Werken bij MMC\" \/>\n<meta property=\"article:modified_time\" content=\"2026-03-16T14:52:55+00:00\" \/>\n<meta name=\"twitter:card\" content=\"summary_large_image\" \/>\n<meta name=\"twitter:label1\" content=\"Geschatte leestijd\" \/>\n\t<meta name=\"twitter:data1\" content=\"3 minuten\" \/>\n<script type=\"application\/ld+json\" class=\"yoast-schema-graph\">{\"@context\":\"https:\\\/\\\/schema.org\",\"@graph\":[{\"@type\":\"WebPage\",\"@id\":\"https:\\\/\\\/www.mmc.nl\\\/werkenbijmmc\\\/aios-bij-mmc\\\/\",\"url\":\"https:\\\/\\\/www.mmc.nl\\\/werkenbijmmc\\\/aios-bij-mmc\\\/\",\"name\":\"AIOS bij M\u00e1xima MC - Werken bij MMC\",\"isPartOf\":{\"@id\":\"https:\\\/\\\/www.mmc.nl\\\/werkenbijmmc\\\/#website\"},\"primaryImageOfPage\":{\"@id\":\"https:\\\/\\\/www.mmc.nl\\\/werkenbijmmc\\\/aios-bij-mmc\\\/#primaryimage\"},\"image\":{\"@id\":\"https:\\\/\\\/www.mmc.nl\\\/werkenbijmmc\\\/aios-bij-mmc\\\/#primaryimage\"},\"thumbnailUrl\":\"\",\"datePublished\":\"2026-02-16T13:10:07+00:00\",\"dateModified\":\"2026-03-16T14:52:55+00:00\",\"description\":\"AIOS bij MMC: opleiden in STZ ziekenhuis, OOR ZON, differentiatiestages, onderzoek, begeleiding en personeelsflat.\",\"breadcrumb\":{\"@id\":\"https:\\\/\\\/www.mmc.nl\\\/werkenbijmmc\\\/aios-bij-mmc\\\/#breadcrumb\"},\"inLanguage\":\"nl-NL\",\"potentialAction\":[{\"@type\":\"ReadAction\",\"target\":[\"https:\\\/\\\/www.mmc.nl\\\/werkenbijmmc\\\/aios-bij-mmc\\\/\"]}]},{\"@type\":\"ImageObject\",\"inLanguage\":\"nl-NL\",\"@id\":\"https:\\\/\\\/www.mmc.nl\\\/werkenbijmmc\\\/aios-bij-mmc\\\/#primaryimage\",\"url\":\"\",\"contentUrl\":\"\"},{\"@type\":\"BreadcrumbList\",\"@id\":\"https:\\\/\\\/www.mmc.nl\\\/werkenbijmmc\\\/aios-bij-mmc\\\/#breadcrumb\",\"itemListElement\":[{\"@type\":\"ListItem\",\"position\":1,\"name\":\"Werken bij MMC\",\"item\":\"https:\\\/\\\/www.mmc.nl\\\/werkenbijmmc\\\/\"},{\"@type\":\"ListItem\",\"position\":2,\"name\":\"AIOS bij M\u00e1xima MC\"}]},{\"@type\":\"WebSite\",\"@id\":\"https:\\\/\\\/www.mmc.nl\\\/werkenbijmmc\\\/#website\",\"url\":\"https:\\\/\\\/www.mmc.nl\\\/werkenbijmmc\\\/\",\"name\":\"Werken bij MMC\",\"description\":\"\",\"potentialAction\":[{\"@type\":\"SearchAction\",\"target\":{\"@type\":\"EntryPoint\",\"urlTemplate\":\"https:\\\/\\\/www.mmc.nl\\\/werkenbijmmc\\\/?s={search_term_string}\"},\"query-input\":{\"@type\":\"PropertyValueSpecification\",\"valueRequired\":true,\"valueName\":\"search_term_string\"}}],\"inLanguage\":\"nl-NL\"}]}<\/script>\n<!-- \/ Yoast SEO Premium plugin. -->","yoast_head_json":{"title":"AIOS bij M\u00e1xima MC - Werken bij MMC","description":"AIOS bij MMC: opleiden in STZ ziekenhuis, OOR ZON, differentiatiestages, onderzoek, begeleiding en personeelsflat.","robots":{"index":"index","follow":"follow","max-snippet":"max-snippet:-1","max-image-preview":"max-image-preview:large","max-video-preview":"max-video-preview:-1"},"canonical":"https:\/\/www.mmc.nl\/werkenbijmmc\/aios-bij-mmc\/","og_locale":"nl_NL","og_type":"article","og_title":"AIOS bij M\u00e1xima MC","og_description":"AIOS bij MMC: opleiden in STZ ziekenhuis, OOR ZON, differentiatiestages, onderzoek, begeleiding en personeelsflat.","og_url":"https:\/\/www.mmc.nl\/werkenbijmmc\/aios-bij-mmc\/","og_site_name":"Werken bij MMC","article_modified_time":"2026-03-16T14:52:55+00:00","twitter_card":"summary_large_image","twitter_misc":{"Geschatte leestijd":"3 minuten"},"schema":{"@context":"https:\/\/schema.org","@graph":[{"@type":"WebPage","@id":"https:\/\/www.mmc.nl\/werkenbijmmc\/aios-bij-mmc\/","url":"https:\/\/www.mmc.nl\/werkenbijmmc\/aios-bij-mmc\/","name":"AIOS bij M\u00e1xima MC - Werken bij MMC","isPartOf":{"@id":"https:\/\/www.mmc.nl\/werkenbijmmc\/#website"},"primaryImageOfPage":{"@id":"https:\/\/www.mmc.nl\/werkenbijmmc\/aios-bij-mmc\/#primaryimage"},"image":{"@id":"https:\/\/www.mmc.nl\/werkenbijmmc\/aios-bij-mmc\/#primaryimage"},"thumbnailUrl":"","datePublished":"2026-02-16T13:10:07+00:00","dateModified":"2026-03-16T14:52:55+00:00","description":"AIOS bij MMC: opleiden in STZ ziekenhuis, OOR ZON, differentiatiestages, onderzoek, begeleiding en personeelsflat.","breadcrumb":{"@id":"https:\/\/www.mmc.nl\/werkenbijmmc\/aios-bij-mmc\/#breadcrumb"},"inLanguage":"nl-NL","potentialAction":[{"@type":"ReadAction","target":["https:\/\/www.mmc.nl\/werkenbijmmc\/aios-bij-mmc\/"]}]},{"@type":"ImageObject","inLanguage":"nl-NL","@id":"https:\/\/www.mmc.nl\/werkenbijmmc\/aios-bij-mmc\/#primaryimage","url":"","contentUrl":""},{"@type":"BreadcrumbList","@id":"https:\/\/www.mmc.nl\/werkenbijmmc\/aios-bij-mmc\/#breadcrumb","itemListElement":[{"@type":"ListItem","position":1,"name":"Werken bij MMC","item":"https:\/\/www.mmc.nl\/werkenbijmmc\/"},{"@type":"ListItem","position":2,"name":"AIOS bij M\u00e1xima MC"}]},{"@type":"WebSite","@id":"https:\/\/www.mmc.nl\/werkenbijmmc\/#website","url":"https:\/\/www.mmc.nl\/werkenbijmmc\/","name":"Werken bij MMC","description":"","potentialAction":[{"@type":"SearchAction","target":{"@type":"EntryPoint","urlTemplate":"https:\/\/www.mmc.nl\/werkenbijmmc\/?s={search_term_string}"},"query-input":{"@type":"PropertyValueSpecification","valueRequired":true,"valueName":"search_term_string"}}],"inLanguage":"nl-NL"}]}},"_links":{"self":[{"href":"https:\/\/www.mmc.nl\/werkenbijmmc\/wp-json\/wp\/v2\/pages\/55192","targetHints":{"allow":["GET"]}}],"collection":[{"href":"https:\/\/www.mmc.nl\/werkenbijmmc\/wp-json\/wp\/v2\/pages"}],"about":[{"href":"https:\/\/www.mmc.nl\/werkenbijmmc\/wp-json\/wp\/v2\/types\/page"}],"author":[{"embeddable":true,"href":"https:\/\/www.mmc.nl\/werkenbijmmc\/wp-json\/wp\/v2\/users\/221"}],"replies":[{"embeddable":true,"href":"https:\/\/www.mmc.nl\/werkenbijmmc\/wp-json\/wp\/v2\/comments?post=55192"}],"version-history":[{"count":8,"href":"https:\/\/www.mmc.nl\/werkenbijmmc\/wp-json\/wp\/v2\/pages\/55192\/revisions"}],"predecessor-version":[{"id":55521,"href":"https:\/\/www.mmc.nl\/werkenbijmmc\/wp-json\/wp\/v2\/pages\/55192\/revisions\/55521"}],"wp:featuredmedia":[{"embeddable":true,"href":"https:\/\/www.mmc.nl\/werkenbijmmc\/wp-json\/"}],"wp:attachment":[{"href":"https:\/\/www.mmc.nl\/werkenbijmmc\/wp-json\/wp\/v2\/media?parent=55192"}],"wp:term":[{"taxonomy":"post_tag","embeddable":true,"href":"https:\/\/www.mmc.nl\/werkenbijmmc\/wp-json\/wp\/v2\/tags?post=55192"}],"curies":[{"name":"wp","href":"https:\/\/api.w.org\/{rel}","templated":true}]}}